{"id":1149,"date":"2021-05-16T18:04:43","date_gmt":"2021-05-16T18:04:43","guid":{"rendered":"https:\/\/viajarcomtempo.eu\/?page_id=1149"},"modified":"2021-06-12T14:35:51","modified_gmt":"2021-06-12T14:35:51","slug":"chaves-3-5","status":"publish","type":"page","link":"https:\/\/viajarcomtempo.eu\/?page_id=1149","title":{"rendered":"Vila Nova de Poiares"},"content":{"rendered":"\n<script>\/\/ <![CDATA[\nfunction goBack() { window.history.back() }\n\/\/ ]]><\/script>\n<button onclick=\"goBack()\"><strong>Voltar \u00e0 p\u00e1gina anterior<\/strong><\/button>\n<br><br>\n\n\n\n<p class=\"wp-block-paragraph\">O Concelho de Poiares nasceu em 1836, mas dezanove anos volvidos em 1855, no reinado de D. Pedro V, s\u00e3o retirados a Poiares alguns dos seus territ\u00f3rios e integrados em concelhos lim\u00edtrofes. O Concelho \u00e9 definitivamente restaurado a 13 de janeiro de 1898, data em que hoje se comemora o feriado municipal. Em 1905 o rei D. Carlos eleva Santo Andr\u00e9 de Poiares \u00e0 categoria de Vila e o Concelho obt\u00e9m o seu bras\u00e3o concelhio em 1938.<\/p>\n\n\n\n<div class=\"wp-block-group\"><div class=\"wp-block-group__inner-container is-layout-flow wp-block-group-is-layout-flow\">\n<div class=\"wp-block-columns is-layout-flex wp-container-core-columns-is-layout-8f761849 wp-block-columns-is-layout-flex\">\n<div class=\"wp-block-column is-layout-flow wp-block-column-is-layout-flow\" style=\"flex-basis:100%\">\n<div class=\"wp-block-group\"><div class=\"wp-block-group__inner-container is-layout-flow wp-block-group-is-layout-flow\">\n<div class=\"wp-block-columns is-layout-flex wp-container-core-columns-is-layout-8f761849 wp-block-columns-is-layout-flex\">\n<div class=\"wp-block-column is-layout-flow wp-block-column-is-layout-flow\" style=\"flex-basis:100%\">\n<figure class=\"wp-block-table is-style-regular\"><table class=\"has-background\" style=\"background-color:#e7f5fe\"><tbody><tr><td><strong>Site da CM <\/strong>de Vila Nova de Poiares<\/td><td><a href=\"http:\/\/www.cm-vilanovadepoiares.pt\">http:\/\/www.cm-vilanovadepoiares.pt<\/a><\/td><\/tr><tr><td><strong>Posto de Turismo<\/strong><\/td><td><strong>Avenida Dr. Manuel Carvalho Coelho 3350-154 <\/strong> <strong>Vila Nova de Poiares<\/strong> <br><strong>Telefone &#8211;&nbsp;<\/strong>239 422 760<strong>Mail <\/strong>&#8211; <a href=\"geral@turismodocentro.pt\" target=\"_blank\" rel=\"noreferrer noopener\">geral@turismodocentroo.pt<\/a><\/td><\/tr><tr><td><strong>Naturais de Vila Nova de Poiares<\/strong><\/td><td><strong>Poiarenses<\/strong><\/td><\/tr><tr><td><strong>Artesanato<\/strong><\/td><td>Produ\u00e7\u00e3o artesanal de <strong>Olaria preta<\/strong>, <strong>Palitos floridos<\/strong>, pequenos <strong>artefactos em madeira<\/strong>, <strong>Cestaria<\/strong>, <strong>Canastraria<\/strong>, <strong>Latoaria<\/strong>, <strong>Tecelagem<\/strong>, <strong>Ceiras <\/strong>e  <strong>Cantaria<\/strong>.<br><\/td><\/tr><tr><td><strong>Festas e Romarias<\/strong><\/td><td>&nbsp;<strong>POIARTES<\/strong>: Feira Nacional de Artesanato e Mostra de Gastronomia, no 2\u00ba fim-de-semana de Setembro.<br><strong>Festas do Concelho<\/strong>&nbsp;&#8211; Romaria da Nossa Senhora das Necessidades em Poiares (St\u00ba Andr\u00e9): no 2\u00ba fim-de-semana de Agosto-<br><\/td><\/tr><\/tbody><\/table><\/figure>\n<\/div>\n<\/div>\n<\/div><\/div>\n\n\n\n<p class=\"has-medium-font-size wp-block-paragraph\">Para mais informa\u00e7\u00e3o ver Ficheiro PDF do <a href=\"https:\/\/viajarcomtempo.eu\/wp-content\/uploads\/2021\/06\/VilaNovaPoiares.pdf\" target=\"_blank\" rel=\"noreferrer noopener\">Concelho de Vila Nova de Poiares<\/a><\/p>\n<\/div>\n<\/div>\n<\/div><\/div>\n\n\n\n<script>\/\/ <![CDATA[\nfunction goBack() { window.history.back() }\n\/\/ ]]><\/script>\n<button onclick=\"goBack()\"><strong>Voltar \u00e0 p\u00e1gina anterior<\/strong><\/button>\n<br><br>\n","protected":false},"excerpt":{"rendered":"<p>Voltar \u00e0 p\u00e1gina anterior O Concelho de Poiares nasceu em 1836, mas dezanove anos volvidos em 1855, no reinado de D. Pedro V, s\u00e3o retirados a Poiares alguns dos seus territ\u00f3rios e integrados em concelhos lim\u00edtrofes. O Concelho \u00e9 definitivamente restaurado a 13 de janeiro de 1898, data em que hoje se comemora o feriado [&hellip;]<\/p>\n","protected":false},"author":1,"featured_media":0,"parent":0,"menu_order":0,"comment_status":"closed","ping_status":"closed","template":"","meta":{"_crdt_document":"","footnotes":""},"class_list":["post-1149","page","type-page","status-publish","hentry","eq-blocks"],"yoast_head":"<!-- This site is optimized with the Yoast SEO plugin v27.3 - https:\/\/yoast.com\/product\/yoast-seo-wordpress\/ -->\n<title>Vila Nova de Poiares - Viajar Com Tempo<\/title>\n<meta name=\"robots\" content=\"index, follow, max-snippet:-1, max-image-preview:large, max-video-preview:-1\" \/>\n<link rel=\"canonical\" href=\"https:\/\/viajarcomtempo.eu\/?page_id=1149\" \/>\n<meta property=\"og:locale\" content=\"pt_PT\" \/>\n<meta property=\"og:type\" content=\"article\" \/>\n<meta property=\"og:title\" content=\"Vila Nova de Poiares - Viajar Com Tempo\" \/>\n<meta property=\"og:description\" content=\"Voltar \u00e0 p\u00e1gina anterior O Concelho de Poiares nasceu em 1836, mas dezanove anos volvidos em 1855, no reinado de D. Pedro V, s\u00e3o retirados a Poiares alguns dos seus territ\u00f3rios e integrados em concelhos lim\u00edtrofes. O Concelho \u00e9 definitivamente restaurado a 13 de janeiro de 1898, data em que hoje se comemora o feriado [&hellip;]\" \/>\n<meta property=\"og:url\" content=\"https:\/\/viajarcomtempo.eu\/?page_id=1149\" \/>\n<meta property=\"og:site_name\" content=\"Viajar Com Tempo\" \/>\n<meta property=\"article:modified_time\" content=\"2021-06-12T14:35:51+00:00\" \/>\n<meta name=\"twitter:card\" content=\"summary_large_image\" \/>\n<meta name=\"twitter:label1\" content=\"Tempo estimado de leitura\" \/>\n\t<meta name=\"twitter:data1\" content=\"1 minuto\" \/>\n<script type=\"application\/ld+json\" class=\"yoast-schema-graph\">{\"@context\":\"https:\\\/\\\/schema.org\",\"@graph\":[{\"@type\":\"WebPage\",\"@id\":\"https:\\\/\\\/viajarcomtempo.eu\\\/?page_id=1149\",\"url\":\"https:\\\/\\\/viajarcomtempo.eu\\\/?page_id=1149\",\"name\":\"Vila Nova de Poiares - Viajar Com Tempo\",\"isPartOf\":{\"@id\":\"https:\\\/\\\/viajarcomtempo.eu\\\/#website\"},\"datePublished\":\"2021-05-16T18:04:43+00:00\",\"dateModified\":\"2021-06-12T14:35:51+00:00\",\"breadcrumb\":{\"@id\":\"https:\\\/\\\/viajarcomtempo.eu\\\/?page_id=1149#breadcrumb\"},\"inLanguage\":\"pt-PT\",\"potentialAction\":[{\"@type\":\"ReadAction\",\"target\":[\"https:\\\/\\\/viajarcomtempo.eu\\\/?page_id=1149\"]}]},{\"@type\":\"BreadcrumbList\",\"@id\":\"https:\\\/\\\/viajarcomtempo.eu\\\/?page_id=1149#breadcrumb\",\"itemListElement\":[{\"@type\":\"ListItem\",\"position\":1,\"name\":\"In\u00edcio\",\"item\":\"https:\\\/\\\/viajarcomtempo.eu\\\/\"},{\"@type\":\"ListItem\",\"position\":2,\"name\":\"Vila Nova de Poiares\"}]},{\"@type\":\"WebSite\",\"@id\":\"https:\\\/\\\/viajarcomtempo.eu\\\/#website\",\"url\":\"https:\\\/\\\/viajarcomtempo.eu\\\/\",\"name\":\"Viajar Com Tempo\",\"description\":\"Roteiros para viajar sem pressa\",\"publisher\":{\"@id\":\"https:\\\/\\\/viajarcomtempo.eu\\\/#\\\/schema\\\/person\\\/2f6c8045b5e07d397d92d8e5cf7aee98\"},\"potentialAction\":[{\"@type\":\"SearchAction\",\"target\":{\"@type\":\"EntryPoint\",\"urlTemplate\":\"https:\\\/\\\/viajarcomtempo.eu\\\/?s={search_term_string}\"},\"query-input\":{\"@type\":\"PropertyValueSpecification\",\"valueRequired\":true,\"valueName\":\"search_term_string\"}}],\"inLanguage\":\"pt-PT\"},{\"@type\":[\"Person\",\"Organization\"],\"@id\":\"https:\\\/\\\/viajarcomtempo.eu\\\/#\\\/schema\\\/person\\\/2f6c8045b5e07d397d92d8e5cf7aee98\",\"name\":\"Jos\u00e9 Salvador\",\"logo\":{\"@id\":\"https:\\\/\\\/viajarcomtempo.eu\\\/#\\\/schema\\\/person\\\/image\\\/\"},\"sameAs\":[\"http:\\\/\\\/viajarcomtempo.eu\"]}]}<\/script>\n<!-- \/ Yoast SEO plugin. -->","yoast_head_json":{"title":"Vila Nova de Poiares - Viajar Com Tempo","robots":{"index":"index","follow":"follow","max-snippet":"max-snippet:-1","max-image-preview":"max-image-preview:large","max-video-preview":"max-video-preview:-1"},"canonical":"https:\/\/viajarcomtempo.eu\/?page_id=1149","og_locale":"pt_PT","og_type":"article","og_title":"Vila Nova de Poiares - Viajar Com Tempo","og_description":"Voltar \u00e0 p\u00e1gina anterior O Concelho de Poiares nasceu em 1836, mas dezanove anos volvidos em 1855, no reinado de D. Pedro V, s\u00e3o retirados a Poiares alguns dos seus territ\u00f3rios e integrados em concelhos lim\u00edtrofes. O Concelho \u00e9 definitivamente restaurado a 13 de janeiro de 1898, data em que hoje se comemora o feriado [&hellip;]","og_url":"https:\/\/viajarcomtempo.eu\/?page_id=1149","og_site_name":"Viajar Com Tempo","article_modified_time":"2021-06-12T14:35:51+00:00","twitter_card":"summary_large_image","twitter_misc":{"Tempo estimado de leitura":"1 minuto"},"schema":{"@context":"https:\/\/schema.org","@graph":[{"@type":"WebPage","@id":"https:\/\/viajarcomtempo.eu\/?page_id=1149","url":"https:\/\/viajarcomtempo.eu\/?page_id=1149","name":"Vila Nova de Poiares - Viajar Com Tempo","isPartOf":{"@id":"https:\/\/viajarcomtempo.eu\/#website"},"datePublished":"2021-05-16T18:04:43+00:00","dateModified":"2021-06-12T14:35:51+00:00","breadcrumb":{"@id":"https:\/\/viajarcomtempo.eu\/?page_id=1149#breadcrumb"},"inLanguage":"pt-PT","potentialAction":[{"@type":"ReadAction","target":["https:\/\/viajarcomtempo.eu\/?page_id=1149"]}]},{"@type":"BreadcrumbList","@id":"https:\/\/viajarcomtempo.eu\/?page_id=1149#breadcrumb","itemListElement":[{"@type":"ListItem","position":1,"name":"In\u00edcio","item":"https:\/\/viajarcomtempo.eu\/"},{"@type":"ListItem","position":2,"name":"Vila Nova de Poiares"}]},{"@type":"WebSite","@id":"https:\/\/viajarcomtempo.eu\/#website","url":"https:\/\/viajarcomtempo.eu\/","name":"Viajar Com Tempo","description":"Roteiros para viajar sem pressa","publisher":{"@id":"https:\/\/viajarcomtempo.eu\/#\/schema\/person\/2f6c8045b5e07d397d92d8e5cf7aee98"},"potentialAction":[{"@type":"SearchAction","target":{"@type":"EntryPoint","urlTemplate":"https:\/\/viajarcomtempo.eu\/?s={search_term_string}"},"query-input":{"@type":"PropertyValueSpecification","valueRequired":true,"valueName":"search_term_string"}}],"inLanguage":"pt-PT"},{"@type":["Person","Organization"],"@id":"https:\/\/viajarcomtempo.eu\/#\/schema\/person\/2f6c8045b5e07d397d92d8e5cf7aee98","name":"Jos\u00e9 Salvador","logo":{"@id":"https:\/\/viajarcomtempo.eu\/#\/schema\/person\/image\/"},"sameAs":["http:\/\/viajarcomtempo.eu"]}]}},"_links":{"self":[{"href":"https:\/\/viajarcomtempo.eu\/index.php?rest_route=\/wp\/v2\/pages\/1149","targetHints":{"allow":["GET"]}}],"collection":[{"href":"https:\/\/viajarcomtempo.eu\/index.php?rest_route=\/wp\/v2\/pages"}],"about":[{"href":"https:\/\/viajarcomtempo.eu\/index.php?rest_route=\/wp\/v2\/types\/page"}],"author":[{"embeddable":true,"href":"https:\/\/viajarcomtempo.eu\/index.php?rest_route=\/wp\/v2\/users\/1"}],"replies":[{"embeddable":true,"href":"https:\/\/viajarcomtempo.eu\/index.php?rest_route=%2Fwp%2Fv2%2Fcomments&post=1149"}],"version-history":[{"count":3,"href":"https:\/\/viajarcomtempo.eu\/index.php?rest_route=\/wp\/v2\/pages\/1149\/revisions"}],"predecessor-version":[{"id":1250,"href":"https:\/\/viajarcomtempo.eu\/index.php?rest_route=\/wp\/v2\/pages\/1149\/revisions\/1250"}],"wp:attachment":[{"href":"https:\/\/viajarcomtempo.eu\/index.php?rest_route=%2Fwp%2Fv2%2Fmedia&parent=1149"}],"curies":[{"name":"wp","href":"https:\/\/api.w.org\/{rel}","templated":true}]}}