{"id":1429,"date":"2021-09-10T16:14:07","date_gmt":"2021-09-10T16:14:07","guid":{"rendered":"https:\/\/viajarcomtempo.eu\/?page_id=1429"},"modified":"2021-09-10T16:48:10","modified_gmt":"2021-09-10T16:48:10","slug":"chaves-3-5-2-2-4-2-2-2-2-2-2","status":"publish","type":"page","link":"https:\/\/viajarcomtempo.eu\/?page_id=1429","title":{"rendered":"Viana do Alentejo"},"content":{"rendered":"\n<script>\/\/ <![CDATA[\nfunction goBack() { window.history.back() }\n\/\/ ]]><\/script>\n<button onclick=\"goBack()\"><strong>Voltar \u00e0 p\u00e1gina anterior<\/strong><\/button>\n<br><br>\n\n\n\n<p class=\"wp-block-paragraph\">A heran\u00e7a da ocupa\u00e7\u00e3o romana encontra-se principalmente no local da ermida de Nossa Senhora d\u2019Aires, onde foram encontrados restos de uma necr\u00f3pole com l\u00e1pides funer\u00e1rias e moedas da \u00e9poca dos primeiros imperadores.<\/p>\n\n\n\n<p class=\"wp-block-paragraph\">De acordo com fontes hist\u00f3ricas, as suas origens remontam ao reinado de D. Afonso III, altura em que lhe foi concedida a primeira carta de foral, em 1255, depois renovada por D. Dinis, em 1313. Recebeu novo foral em 1517<\/p>\n\n\n\n<div class=\"wp-block-group\"><div class=\"wp-block-group__inner-container is-layout-flow wp-block-group-is-layout-flow\">\n<div class=\"wp-block-columns is-layout-flex wp-container-core-columns-is-layout-8f761849 wp-block-columns-is-layout-flex\">\n<div class=\"wp-block-column is-layout-flow wp-block-column-is-layout-flow\" style=\"flex-basis:100%\">\n<div class=\"wp-block-group\"><div class=\"wp-block-group__inner-container is-layout-flow wp-block-group-is-layout-flow\">\n<div class=\"wp-block-columns is-layout-flex wp-container-core-columns-is-layout-8f761849 wp-block-columns-is-layout-flex\">\n<div class=\"wp-block-column is-layout-flow wp-block-column-is-layout-flow\" style=\"flex-basis:100%\">\n<figure class=\"wp-block-table is-style-regular\"><table class=\"has-background\" style=\"background-color:#e7f5fe\"><tbody><tr><td><strong>Site da CM de <\/strong>Viana do Alentejo<\/td><td><a href=\"https:\/\/www.cm-vianadoalentejo..pt\/\">https:\/\/www.cm-<\/a><a href=\"http:\/\/E-mail:\nddsh@cm-vianadoalentejo.p\" target=\"_blank\" rel=\"noreferrer noopener\">vianadoalentejo.<\/a>pt\/<\/td><\/tr><tr><td><strong>Posto de Turismo<\/strong><\/td><td><a href=\"http:\/\/E-mail:\nddsh@cm-vianadoalentejo.p\" target=\"_blank\" rel=\"noreferrer noopener\">ddsh@cm-vianadoalentejo.p<\/a>t<\/td><\/tr><tr><td><strong>Naturais de Viana do Alentejo<\/strong><\/td><td>Vianenses.<\/td><\/tr><tr><td><strong>Artesanato<\/strong><\/td><td>Brinquedos em madeira, cer\u00e2mica tradicional e art\u00edstica, cestaria, chocalhos, e os trabalhos de olaria e em corti\u00e7a.<\/td><\/tr><tr><td><strong>Festas e Romarias<\/strong><\/td><td>Feira dos Chocalhos, no quarto fim de semana de julho.<br>Romaria e festa de Nossa Senhora de Aires, no quarto fim de semana de setembro.<br>Romaria de Nossa Senhora da Esperan\u00e7a, em maio.<\/td><\/tr><\/tbody><\/table><\/figure>\n<\/div>\n<\/div>\n<\/div><\/div>\n\n\n\n<p class=\"has-medium-font-size wp-block-paragraph\">Para mais informa\u00e7\u00e3o ver Ficheiro PDF do <a href=\"https:\/\/viajarcomtempo.eu\/wp-content\/uploads\/2021\/09\/VianaAlentejo.pdf\" target=\"_blank\" rel=\"noreferrer noopener\">Concelho de Viana do Alentejo<\/a><\/p>\n<\/div>\n<\/div>\n<\/div><\/div>\n\n\n\n<script>\/\/ <![CDATA[\nfunction goBack() { window.history.back() }\n\/\/ ]]><\/script>\n<button onclick=\"goBack()\"><strong>Voltar \u00e0 p\u00e1gina anterior<\/strong><\/button>\n<br><br>\n","protected":false},"excerpt":{"rendered":"<p>Voltar \u00e0 p\u00e1gina anterior A heran\u00e7a da ocupa\u00e7\u00e3o romana encontra-se principalmente no local da ermida de Nossa Senhora d\u2019Aires, onde foram encontrados restos de uma necr\u00f3pole com l\u00e1pides funer\u00e1rias e moedas da \u00e9poca dos primeiros imperadores. De acordo com fontes hist\u00f3ricas, as suas origens remontam ao reinado de D. Afonso III, altura em que lhe [&hellip;]<\/p>\n","protected":false},"author":1,"featured_media":0,"parent":0,"menu_order":0,"comment_status":"closed","ping_status":"closed","template":"","meta":{"_crdt_document":"","footnotes":""},"class_list":["post-1429","page","type-page","status-publish","hentry","eq-blocks"],"yoast_head":"<!-- This site is optimized with the Yoast SEO plugin v27.3 - https:\/\/yoast.com\/product\/yoast-seo-wordpress\/ -->\n<title>Viana do Alentejo - Viajar Com Tempo<\/title>\n<meta name=\"robots\" content=\"index, follow, max-snippet:-1, max-image-preview:large, max-video-preview:-1\" \/>\n<link rel=\"canonical\" href=\"https:\/\/viajarcomtempo.eu\/?page_id=1429\" \/>\n<meta property=\"og:locale\" content=\"pt_PT\" \/>\n<meta property=\"og:type\" content=\"article\" \/>\n<meta property=\"og:title\" content=\"Viana do Alentejo - Viajar Com Tempo\" \/>\n<meta property=\"og:description\" content=\"Voltar \u00e0 p\u00e1gina anterior A heran\u00e7a da ocupa\u00e7\u00e3o romana encontra-se principalmente no local da ermida de Nossa Senhora d\u2019Aires, onde foram encontrados restos de uma necr\u00f3pole com l\u00e1pides funer\u00e1rias e moedas da \u00e9poca dos primeiros imperadores. De acordo com fontes hist\u00f3ricas, as suas origens remontam ao reinado de D. Afonso III, altura em que lhe [&hellip;]\" \/>\n<meta property=\"og:url\" content=\"https:\/\/viajarcomtempo.eu\/?page_id=1429\" \/>\n<meta property=\"og:site_name\" content=\"Viajar Com Tempo\" \/>\n<meta property=\"article:modified_time\" content=\"2021-09-10T16:48:10+00:00\" \/>\n<meta name=\"twitter:card\" content=\"summary_large_image\" \/>\n<meta name=\"twitter:label1\" content=\"Tempo estimado de leitura\" \/>\n\t<meta name=\"twitter:data1\" content=\"1 minuto\" \/>\n<script type=\"application\/ld+json\" class=\"yoast-schema-graph\">{\"@context\":\"https:\\\/\\\/schema.org\",\"@graph\":[{\"@type\":\"WebPage\",\"@id\":\"https:\\\/\\\/viajarcomtempo.eu\\\/?page_id=1429\",\"url\":\"https:\\\/\\\/viajarcomtempo.eu\\\/?page_id=1429\",\"name\":\"Viana do Alentejo - Viajar Com Tempo\",\"isPartOf\":{\"@id\":\"https:\\\/\\\/viajarcomtempo.eu\\\/#website\"},\"datePublished\":\"2021-09-10T16:14:07+00:00\",\"dateModified\":\"2021-09-10T16:48:10+00:00\",\"breadcrumb\":{\"@id\":\"https:\\\/\\\/viajarcomtempo.eu\\\/?page_id=1429#breadcrumb\"},\"inLanguage\":\"pt-PT\",\"potentialAction\":[{\"@type\":\"ReadAction\",\"target\":[\"https:\\\/\\\/viajarcomtempo.eu\\\/?page_id=1429\"]}]},{\"@type\":\"BreadcrumbList\",\"@id\":\"https:\\\/\\\/viajarcomtempo.eu\\\/?page_id=1429#breadcrumb\",\"itemListElement\":[{\"@type\":\"ListItem\",\"position\":1,\"name\":\"In\u00edcio\",\"item\":\"https:\\\/\\\/viajarcomtempo.eu\\\/\"},{\"@type\":\"ListItem\",\"position\":2,\"name\":\"Viana do Alentejo\"}]},{\"@type\":\"WebSite\",\"@id\":\"https:\\\/\\\/viajarcomtempo.eu\\\/#website\",\"url\":\"https:\\\/\\\/viajarcomtempo.eu\\\/\",\"name\":\"Viajar Com Tempo\",\"description\":\"Roteiros para viajar sem pressa\",\"publisher\":{\"@id\":\"https:\\\/\\\/viajarcomtempo.eu\\\/#\\\/schema\\\/person\\\/2f6c8045b5e07d397d92d8e5cf7aee98\"},\"potentialAction\":[{\"@type\":\"SearchAction\",\"target\":{\"@type\":\"EntryPoint\",\"urlTemplate\":\"https:\\\/\\\/viajarcomtempo.eu\\\/?s={search_term_string}\"},\"query-input\":{\"@type\":\"PropertyValueSpecification\",\"valueRequired\":true,\"valueName\":\"search_term_string\"}}],\"inLanguage\":\"pt-PT\"},{\"@type\":[\"Person\",\"Organization\"],\"@id\":\"https:\\\/\\\/viajarcomtempo.eu\\\/#\\\/schema\\\/person\\\/2f6c8045b5e07d397d92d8e5cf7aee98\",\"name\":\"Jos\u00e9 Salvador\",\"logo\":{\"@id\":\"https:\\\/\\\/viajarcomtempo.eu\\\/#\\\/schema\\\/person\\\/image\\\/\"},\"sameAs\":[\"http:\\\/\\\/viajarcomtempo.eu\"]}]}<\/script>\n<!-- \/ Yoast SEO plugin. -->","yoast_head_json":{"title":"Viana do Alentejo - Viajar Com Tempo","robots":{"index":"index","follow":"follow","max-snippet":"max-snippet:-1","max-image-preview":"max-image-preview:large","max-video-preview":"max-video-preview:-1"},"canonical":"https:\/\/viajarcomtempo.eu\/?page_id=1429","og_locale":"pt_PT","og_type":"article","og_title":"Viana do Alentejo - Viajar Com Tempo","og_description":"Voltar \u00e0 p\u00e1gina anterior A heran\u00e7a da ocupa\u00e7\u00e3o romana encontra-se principalmente no local da ermida de Nossa Senhora d\u2019Aires, onde foram encontrados restos de uma necr\u00f3pole com l\u00e1pides funer\u00e1rias e moedas da \u00e9poca dos primeiros imperadores. De acordo com fontes hist\u00f3ricas, as suas origens remontam ao reinado de D. Afonso III, altura em que lhe [&hellip;]","og_url":"https:\/\/viajarcomtempo.eu\/?page_id=1429","og_site_name":"Viajar Com Tempo","article_modified_time":"2021-09-10T16:48:10+00:00","twitter_card":"summary_large_image","twitter_misc":{"Tempo estimado de leitura":"1 minuto"},"schema":{"@context":"https:\/\/schema.org","@graph":[{"@type":"WebPage","@id":"https:\/\/viajarcomtempo.eu\/?page_id=1429","url":"https:\/\/viajarcomtempo.eu\/?page_id=1429","name":"Viana do Alentejo - Viajar Com Tempo","isPartOf":{"@id":"https:\/\/viajarcomtempo.eu\/#website"},"datePublished":"2021-09-10T16:14:07+00:00","dateModified":"2021-09-10T16:48:10+00:00","breadcrumb":{"@id":"https:\/\/viajarcomtempo.eu\/?page_id=1429#breadcrumb"},"inLanguage":"pt-PT","potentialAction":[{"@type":"ReadAction","target":["https:\/\/viajarcomtempo.eu\/?page_id=1429"]}]},{"@type":"BreadcrumbList","@id":"https:\/\/viajarcomtempo.eu\/?page_id=1429#breadcrumb","itemListElement":[{"@type":"ListItem","position":1,"name":"In\u00edcio","item":"https:\/\/viajarcomtempo.eu\/"},{"@type":"ListItem","position":2,"name":"Viana do Alentejo"}]},{"@type":"WebSite","@id":"https:\/\/viajarcomtempo.eu\/#website","url":"https:\/\/viajarcomtempo.eu\/","name":"Viajar Com Tempo","description":"Roteiros para viajar sem pressa","publisher":{"@id":"https:\/\/viajarcomtempo.eu\/#\/schema\/person\/2f6c8045b5e07d397d92d8e5cf7aee98"},"potentialAction":[{"@type":"SearchAction","target":{"@type":"EntryPoint","urlTemplate":"https:\/\/viajarcomtempo.eu\/?s={search_term_string}"},"query-input":{"@type":"PropertyValueSpecification","valueRequired":true,"valueName":"search_term_string"}}],"inLanguage":"pt-PT"},{"@type":["Person","Organization"],"@id":"https:\/\/viajarcomtempo.eu\/#\/schema\/person\/2f6c8045b5e07d397d92d8e5cf7aee98","name":"Jos\u00e9 Salvador","logo":{"@id":"https:\/\/viajarcomtempo.eu\/#\/schema\/person\/image\/"},"sameAs":["http:\/\/viajarcomtempo.eu"]}]}},"_links":{"self":[{"href":"https:\/\/viajarcomtempo.eu\/index.php?rest_route=\/wp\/v2\/pages\/1429","targetHints":{"allow":["GET"]}}],"collection":[{"href":"https:\/\/viajarcomtempo.eu\/index.php?rest_route=\/wp\/v2\/pages"}],"about":[{"href":"https:\/\/viajarcomtempo.eu\/index.php?rest_route=\/wp\/v2\/types\/page"}],"author":[{"embeddable":true,"href":"https:\/\/viajarcomtempo.eu\/index.php?rest_route=\/wp\/v2\/users\/1"}],"replies":[{"embeddable":true,"href":"https:\/\/viajarcomtempo.eu\/index.php?rest_route=%2Fwp%2Fv2%2Fcomments&post=1429"}],"version-history":[{"count":4,"href":"https:\/\/viajarcomtempo.eu\/index.php?rest_route=\/wp\/v2\/pages\/1429\/revisions"}],"predecessor-version":[{"id":1441,"href":"https:\/\/viajarcomtempo.eu\/index.php?rest_route=\/wp\/v2\/pages\/1429\/revisions\/1441"}],"wp:attachment":[{"href":"https:\/\/viajarcomtempo.eu\/index.php?rest_route=%2Fwp%2Fv2%2Fmedia&parent=1429"}],"curies":[{"name":"wp","href":"https:\/\/api.w.org\/{rel}","templated":true}]}}