{"id":1577,"date":"2021-09-13T22:28:06","date_gmt":"2021-09-13T22:28:06","guid":{"rendered":"https:\/\/viajarcomtempo.eu\/?page_id=1577"},"modified":"2023-01-21T17:40:14","modified_gmt":"2023-01-21T17:40:14","slug":"politica-privacidade-2-2","status":"publish","type":"page","link":"https:\/\/viajarcomtempo.eu\/?page_id=1577","title":{"rendered":"Sobre &#8230;"},"content":{"rendered":"\n<h3 class=\"wp-block-heading\">Objetivos<\/h3>\n\n\n\n<p class=\"wp-block-paragraph\">Este site surge na sequ\u00eancia dos v\u00e1rios pedidos, de colegas e amigos, sobre um bom local para visitar, um bom restaurante para almo\u00e7ar ou um bom hotel para dormir e das opini\u00f5es e agradecimentos recebidos.<\/p>\n\n\n\n<p class=\"wp-block-paragraph\">H\u00e1 alguns anos come\u00e7ou a falar-se da Nacional 2 e da viagem que liga Chaves a Faro, nos meios de comunica\u00e7\u00e3o social, nas redes sociais e duma forma geral na internet atrav\u00e9s de Sites, blogs ou simples relato de experi\u00eancias vividas pelos amantes deste tipo de viagens. A cria\u00e7\u00e3o da Associa\u00e7\u00e3o de Munic\u00edpios da Rota da Estrada Nacional 2, em 2016, veio dar visibilidade e credibilidade a esta aventura.<\/p>\n\n\n\n<p class=\"wp-block-paragraph\">Os feriados de junho, juntando alguns dias de f\u00e9rias, sempre foram reservados para viajar pelas v\u00e1rias regi\u00f5es do pa\u00eds, delineando um percurso e preparando a viagem, mas sem paragens pr\u00e9-definidas sem hot\u00e9is marcados seguindo ao ritmo do que havia para ver, visitar ou da gastronomia para apreciar.  Chegada a fase da reforma foi altura de concretizar a vontade de fazer ou repetir este tipo de viagens, mas sem pressa e com prepara\u00e7\u00e3o ainda mais cuidada e completa, criando roteiros que indicam um percurso, mas que apresentam um resumo, e uma descri\u00e7\u00e3o completo, do que pode usufruir em cada concelho. \u00c9 nesta l\u00f3gica que a viagem percorrendo a N2 se tornou no pr\u00f3ximo objetivo.<\/p>\n\n\n\n<p class=\"wp-block-paragraph\">As fontes principais da informa\u00e7\u00e3o contida neste site, e por esta ordem, s\u00e3o os sites das C\u00e2maras Municipais, o nosso conhecimento e arquivo de viagens anteriores, Sites p\u00fablicos sobre os Monumentos Nacionais e outros Sites e Blogs acess\u00edveis via internet. \u00c9 prov\u00e1vel, para n\u00e3o dizer que \u00e9 certo, que a informa\u00e7\u00e3o que apresento tenha alguns erros e ainda mais omiss\u00f5es.  Fica a promessa de corrigir o que est\u00e1 errado, de atualizar os concelhos j\u00e1 existentes e de continuar a acrescentar mais concelhos.<\/p>\n\n\n\n<p class=\"wp-block-paragraph\">Este Site n\u00e3o tem qualquer fim lucrativo, foi desenvolvido e \u00e9 mantido para uso pr\u00f3prio e de todos que nele encontrem qualquer coisa de interessante. Pe\u00e7o desculpa por qualquer inc\u00f3modo causado por alguma informa\u00e7\u00e3o errada ou incompleta, mas, como \u00e9 evidente, <strong>declino qualquer responsabilidade da\u00ed resultante<\/strong>.<\/p>\n\n\n\n<p class=\"wp-block-paragraph\">Usem e sejam felizes nas vossas viagens e visitas e n\u00e3o esque\u00e7am que viajar com tempo \u00e9 um contributo essencial para que tudo corra bem. V\u00e1 sem pressa, aprecie a gastronomia local, os monumentos, as paisagens, uma simples esplanada e tudo o que o rodeia. N\u00e3o sabe quando voltar\u00e1 a esse lugar.<\/p>\n","protected":false},"excerpt":{"rendered":"<p>Objetivos Este site surge na sequ\u00eancia dos v\u00e1rios pedidos, de colegas e amigos, sobre um bom local para visitar, um bom restaurante para almo\u00e7ar ou um bom hotel para dormir e das opini\u00f5es e agradecimentos recebidos. H\u00e1 alguns anos come\u00e7ou a falar-se da Nacional 2 e da viagem que liga Chaves a Faro, nos meios [&hellip;]<\/p>\n","protected":false},"author":1,"featured_media":0,"parent":0,"menu_order":0,"comment_status":"closed","ping_status":"closed","template":"","meta":{"_crdt_document":"","footnotes":""},"class_list":["post-1577","page","type-page","status-publish","hentry","eq-blocks"],"yoast_head":"<!-- This site is optimized with the Yoast SEO plugin v27.3 - https:\/\/yoast.com\/product\/yoast-seo-wordpress\/ -->\n<title>Sobre ... - Viajar Com Tempo<\/title>\n<meta name=\"description\" content=\"P\u00e1gina com informa\u00e7\u00e3o sobre o site viajarcomtempo.eu, as raz\u00f5es e os objetivos que se pretendem alcan\u00e7ar bem como as fontes dos dados apresentados.\" \/>\n<meta name=\"robots\" content=\"index, follow, max-snippet:-1, max-image-preview:large, max-video-preview:-1\" \/>\n<link rel=\"canonical\" href=\"https:\/\/viajarcomtempo.eu\/?page_id=1577\" \/>\n<meta property=\"og:locale\" content=\"pt_PT\" \/>\n<meta property=\"og:type\" content=\"article\" \/>\n<meta property=\"og:title\" content=\"Sobre ... - Viajar Com Tempo\" \/>\n<meta property=\"og:description\" content=\"P\u00e1gina com informa\u00e7\u00e3o sobre o site viajarcomtempo.eu, as raz\u00f5es e os objetivos que se pretendem alcan\u00e7ar bem como as fontes dos dados apresentados.\" \/>\n<meta property=\"og:url\" content=\"https:\/\/viajarcomtempo.eu\/?page_id=1577\" \/>\n<meta property=\"og:site_name\" content=\"Viajar Com Tempo\" \/>\n<meta property=\"article:modified_time\" content=\"2023-01-21T17:40:14+00:00\" \/>\n<meta name=\"twitter:card\" content=\"summary_large_image\" \/>\n<meta name=\"twitter:label1\" content=\"Tempo estimado de leitura\" \/>\n\t<meta name=\"twitter:data1\" content=\"2 minutos\" \/>\n<script type=\"application\/ld+json\" class=\"yoast-schema-graph\">{\"@context\":\"https:\\\/\\\/schema.org\",\"@graph\":[{\"@type\":\"WebPage\",\"@id\":\"https:\\\/\\\/viajarcomtempo.eu\\\/?page_id=1577\",\"url\":\"https:\\\/\\\/viajarcomtempo.eu\\\/?page_id=1577\",\"name\":\"Sobre ... - Viajar Com Tempo\",\"isPartOf\":{\"@id\":\"https:\\\/\\\/viajarcomtempo.eu\\\/#website\"},\"datePublished\":\"2021-09-13T22:28:06+00:00\",\"dateModified\":\"2023-01-21T17:40:14+00:00\",\"description\":\"P\u00e1gina com informa\u00e7\u00e3o sobre o site viajarcomtempo.eu, as raz\u00f5es e os objetivos que se pretendem alcan\u00e7ar bem como as fontes dos dados apresentados.\",\"breadcrumb\":{\"@id\":\"https:\\\/\\\/viajarcomtempo.eu\\\/?page_id=1577#breadcrumb\"},\"inLanguage\":\"pt-PT\",\"potentialAction\":[{\"@type\":\"ReadAction\",\"target\":[\"https:\\\/\\\/viajarcomtempo.eu\\\/?page_id=1577\"]}]},{\"@type\":\"BreadcrumbList\",\"@id\":\"https:\\\/\\\/viajarcomtempo.eu\\\/?page_id=1577#breadcrumb\",\"itemListElement\":[{\"@type\":\"ListItem\",\"position\":1,\"name\":\"In\u00edcio\",\"item\":\"https:\\\/\\\/viajarcomtempo.eu\\\/\"},{\"@type\":\"ListItem\",\"position\":2,\"name\":\"Sobre &#8230;\"}]},{\"@type\":\"WebSite\",\"@id\":\"https:\\\/\\\/viajarcomtempo.eu\\\/#website\",\"url\":\"https:\\\/\\\/viajarcomtempo.eu\\\/\",\"name\":\"Viajar Com Tempo\",\"description\":\"Roteiros para viajar sem pressa\",\"publisher\":{\"@id\":\"https:\\\/\\\/viajarcomtempo.eu\\\/#\\\/schema\\\/person\\\/2f6c8045b5e07d397d92d8e5cf7aee98\"},\"potentialAction\":[{\"@type\":\"SearchAction\",\"target\":{\"@type\":\"EntryPoint\",\"urlTemplate\":\"https:\\\/\\\/viajarcomtempo.eu\\\/?s={search_term_string}\"},\"query-input\":{\"@type\":\"PropertyValueSpecification\",\"valueRequired\":true,\"valueName\":\"search_term_string\"}}],\"inLanguage\":\"pt-PT\"},{\"@type\":[\"Person\",\"Organization\"],\"@id\":\"https:\\\/\\\/viajarcomtempo.eu\\\/#\\\/schema\\\/person\\\/2f6c8045b5e07d397d92d8e5cf7aee98\",\"name\":\"Jos\u00e9 Salvador\",\"logo\":{\"@id\":\"https:\\\/\\\/viajarcomtempo.eu\\\/#\\\/schema\\\/person\\\/image\\\/\"},\"sameAs\":[\"http:\\\/\\\/viajarcomtempo.eu\"]}]}<\/script>\n<!-- \/ Yoast SEO plugin. -->","yoast_head_json":{"title":"Sobre ... - Viajar Com Tempo","description":"P\u00e1gina com informa\u00e7\u00e3o sobre o site viajarcomtempo.eu, as raz\u00f5es e os objetivos que se pretendem alcan\u00e7ar bem como as fontes dos dados apresentados.","robots":{"index":"index","follow":"follow","max-snippet":"max-snippet:-1","max-image-preview":"max-image-preview:large","max-video-preview":"max-video-preview:-1"},"canonical":"https:\/\/viajarcomtempo.eu\/?page_id=1577","og_locale":"pt_PT","og_type":"article","og_title":"Sobre ... - Viajar Com Tempo","og_description":"P\u00e1gina com informa\u00e7\u00e3o sobre o site viajarcomtempo.eu, as raz\u00f5es e os objetivos que se pretendem alcan\u00e7ar bem como as fontes dos dados apresentados.","og_url":"https:\/\/viajarcomtempo.eu\/?page_id=1577","og_site_name":"Viajar Com Tempo","article_modified_time":"2023-01-21T17:40:14+00:00","twitter_card":"summary_large_image","twitter_misc":{"Tempo estimado de leitura":"2 minutos"},"schema":{"@context":"https:\/\/schema.org","@graph":[{"@type":"WebPage","@id":"https:\/\/viajarcomtempo.eu\/?page_id=1577","url":"https:\/\/viajarcomtempo.eu\/?page_id=1577","name":"Sobre ... - Viajar Com Tempo","isPartOf":{"@id":"https:\/\/viajarcomtempo.eu\/#website"},"datePublished":"2021-09-13T22:28:06+00:00","dateModified":"2023-01-21T17:40:14+00:00","description":"P\u00e1gina com informa\u00e7\u00e3o sobre o site viajarcomtempo.eu, as raz\u00f5es e os objetivos que se pretendem alcan\u00e7ar bem como as fontes dos dados apresentados.","breadcrumb":{"@id":"https:\/\/viajarcomtempo.eu\/?page_id=1577#breadcrumb"},"inLanguage":"pt-PT","potentialAction":[{"@type":"ReadAction","target":["https:\/\/viajarcomtempo.eu\/?page_id=1577"]}]},{"@type":"BreadcrumbList","@id":"https:\/\/viajarcomtempo.eu\/?page_id=1577#breadcrumb","itemListElement":[{"@type":"ListItem","position":1,"name":"In\u00edcio","item":"https:\/\/viajarcomtempo.eu\/"},{"@type":"ListItem","position":2,"name":"Sobre &#8230;"}]},{"@type":"WebSite","@id":"https:\/\/viajarcomtempo.eu\/#website","url":"https:\/\/viajarcomtempo.eu\/","name":"Viajar Com Tempo","description":"Roteiros para viajar sem pressa","publisher":{"@id":"https:\/\/viajarcomtempo.eu\/#\/schema\/person\/2f6c8045b5e07d397d92d8e5cf7aee98"},"potentialAction":[{"@type":"SearchAction","target":{"@type":"EntryPoint","urlTemplate":"https:\/\/viajarcomtempo.eu\/?s={search_term_string}"},"query-input":{"@type":"PropertyValueSpecification","valueRequired":true,"valueName":"search_term_string"}}],"inLanguage":"pt-PT"},{"@type":["Person","Organization"],"@id":"https:\/\/viajarcomtempo.eu\/#\/schema\/person\/2f6c8045b5e07d397d92d8e5cf7aee98","name":"Jos\u00e9 Salvador","logo":{"@id":"https:\/\/viajarcomtempo.eu\/#\/schema\/person\/image\/"},"sameAs":["http:\/\/viajarcomtempo.eu"]}]}},"_links":{"self":[{"href":"https:\/\/viajarcomtempo.eu\/index.php?rest_route=\/wp\/v2\/pages\/1577","targetHints":{"allow":["GET"]}}],"collection":[{"href":"https:\/\/viajarcomtempo.eu\/index.php?rest_route=\/wp\/v2\/pages"}],"about":[{"href":"https:\/\/viajarcomtempo.eu\/index.php?rest_route=\/wp\/v2\/types\/page"}],"author":[{"embeddable":true,"href":"https:\/\/viajarcomtempo.eu\/index.php?rest_route=\/wp\/v2\/users\/1"}],"replies":[{"embeddable":true,"href":"https:\/\/viajarcomtempo.eu\/index.php?rest_route=%2Fwp%2Fv2%2Fcomments&post=1577"}],"version-history":[{"count":11,"href":"https:\/\/viajarcomtempo.eu\/index.php?rest_route=\/wp\/v2\/pages\/1577\/revisions"}],"predecessor-version":[{"id":2259,"href":"https:\/\/viajarcomtempo.eu\/index.php?rest_route=\/wp\/v2\/pages\/1577\/revisions\/2259"}],"wp:attachment":[{"href":"https:\/\/viajarcomtempo.eu\/index.php?rest_route=%2Fwp%2Fv2%2Fmedia&parent=1577"}],"curies":[{"name":"wp","href":"https:\/\/api.w.org\/{rel}","templated":true}]}}