{"id":2093,"date":"2022-06-23T22:26:00","date_gmt":"2022-06-23T22:26:00","guid":{"rendered":"https:\/\/viajarcomtempo.eu\/?page_id=2093"},"modified":"2024-03-03T16:46:47","modified_gmt":"2024-03-03T16:46:47","slug":"n2kmakm-3","status":"publish","type":"page","link":"https:\/\/viajarcomtempo.eu\/?page_id=2093","title":{"rendered":"Roteiro da N222 Km a Km"},"content":{"rendered":"\n<p class=\"has-medium-font-size wp-block-paragraph\"><a href=\"https:\/\/viajarcomtempo.eu\/?page_id=2367\">Voltar <\/a><a href=\"http:\/\/localhost\/ViajarComTempo\/\">\u21b5<\/a><\/p>\n\n\n\n<p class=\"wp-block-paragraph\">Este roteiro pela Estrada Nacional 222, mostra os locais e os pontos de interesse ao longo dos quil\u00f3metros desta estrada ou nas suas imedia\u00e7\u00f5es.<\/p>\n\n\n\n<p class=\"wp-block-paragraph\">O objetivo \u00e9 n\u00e3o influenciar o ritmo a que cada &#8220;<strong>viajante com tempo<\/strong>&#8221; quer desfrutar da natureza, das paisagens deslumbrantes, da gastronomia, dos monumentos e dos usos e os costumes das gentes de cada regi\u00e3o que percorre. <\/p>\n\n\n\n<p class=\"wp-block-paragraph\">Mas lembre-se, sem pressas, est\u00e1 a <strong><em>viajar com tempo.<\/em><\/strong><\/p>\n\n\n\n<figure class=\"wp-block-table is-style-stripes\"><table class=\"has-background\" style=\"background-color:#e7f5fe\"><thead><tr><th>Km<\/th><th>Ver Detalhe<\/th><\/tr><\/thead><tbody><tr><td><img decoding=\"async\" class=\"wp-image-2098\" style=\"width: 50px;\" src=\"https:\/\/viajarcomtempo.eu\/wp-content\/uploads\/2022\/06\/N222Km0.gif\" alt=\"\"><a href=\"https:\/\/viajarcomtempo.eu\/?page_id=1804\"><img loading=\"lazy\" decoding=\"async\" width=\"50\" height=\"67\" class=\"wp-image-2286\" style=\"width: 50px;\" src=\"https:\/\/viajarcomtempo.eu\/wp-content\/uploads\/2023\/08\/N222Km0-1.gif\" alt=\"\"><\/a><\/td><td><a href=\"https:\/\/viajarcomtempo.eu\/?page_id=1804\"><strong>Vila Nova de Gaia<\/strong><\/a><\/td><\/tr><tr><td><\/td><td><a href=\"https:\/\/viajarcomtempo.eu\/wp-content\/uploads\/2023\/08\/Gaia_Feira.pdf\" target=\"_blank\" rel=\"noreferrer noopener\"><strong>Percurso Vila Nova de Gaia &#8211; Santa Maria da Feira<\/strong><\/a><\/td><\/tr><tr><td>5<\/td><td>Parque Biol\u00f3gico de Gaia<br>Zoo de Santo In\u00e1cio<br>Restaurante Magina\u2019s<br>Restaurante Adega da Lila<br>Restaurante Parquibrasa<\/td><\/tr><tr><td>12<\/td><td>Restaurante Aiq3 Tapas<\/td><\/tr><tr><td>17<\/td><td>Parque de Merendas de S\u00e1<\/td><\/tr><tr><td>21<\/td><td>Restaurante Quim da Rampinha<br>Restaurante Churrascaria Meia Pipa<\/td><\/tr><tr><td><a href=\"https:\/\/viajarcomtempo.eu\/?page_id=1802\"><img loading=\"lazy\" decoding=\"async\" width=\"50\" height=\"68\" class=\"wp-image-2298\" style=\"width: 50px;\" src=\"https:\/\/viajarcomtempo.eu\/wp-content\/uploads\/2023\/08\/N222Km22.gif\" alt=\"\"><\/a><\/td><td><strong><a href=\"https:\/\/viajarcomtempo.eu\/?page_id=1802\">Santa Maria da Feira<\/a><\/strong><\/td><\/tr><tr><td><\/td><td><a href=\"https:\/\/viajarcomtempo.eu\/wp-content\/uploads\/2023\/08\/Feira_Gondomar.pdf\" target=\"_blank\" rel=\"noreferrer noopener\"><strong>Percurso Santa Maria da Feira &#8211; Gondomar<\/strong><\/a><\/td><\/tr><tr><td>22<\/td><td>Restaurante Romana<br>Restaurante Mosteiro da Vila<\/td><\/tr><tr><td>26<\/td><td>Zona ribeirinha e Passadi\u00e7os do Inha<\/td><\/tr><tr><td>27<\/td><td>Restaurante Dom Vicente<\/td><\/tr><tr><td>28<\/td><td>Miradouro da Lomba<br>Padaria e Pastelaria Ref\u00fagio Su\u00ed\u00e7o<\/td><\/tr><tr><td><a href=\"https:\/\/viajarcomtempo.eu\/?page_id=2309\"><img loading=\"lazy\" decoding=\"async\" width=\"50\" height=\"68\" class=\"wp-image-2299\" style=\"width: 50px;\" src=\"https:\/\/viajarcomtempo.eu\/wp-content\/uploads\/2023\/08\/N222Km28.gif\" alt=\"\"><\/a><\/td><td><a href=\"https:\/\/viajarcomtempo.eu\/?page_id=2309\"><strong>Gondomar<\/strong><\/a><\/td><\/tr><tr><td><\/td><td><strong><a href=\"https:\/\/viajarcomtempo.eu\/wp-content\/uploads\/2023\/08\/Gondomar_CasteloPaiva.pdf\" target=\"_blank\" rel=\"noreferrer noopener\">Percurso Gondomar &#8211; Castelo de Paiva<\/a><\/strong><\/td><\/tr><tr><td>35<\/td><td>Praias Fluviais &#8211; Praia Fluvial do Pedorido e \u201cPraia\u201d de relvado nas margens do rio com zona de banhos e remo, e bancas concessionadas.<\/td><\/tr><tr><td>38<\/td><td>Octant Hotels Douro<\/td><\/tr><tr><td>39<\/td><td>Arrabia Guest Houses &#8211; Glamping<\/td><\/tr><tr><td>45<\/td><td>As Ramadinhas &#8211; Caf\u00e9, Restaurante, em Santa Maria Sardoura.<\/td><\/tr><tr><td><a href=\"https:\/\/viajarcomtempo.eu\/?page_id=2317\"><img loading=\"lazy\" decoding=\"async\" width=\"50\" height=\"65\" class=\"wp-image-2300\" style=\"width: 50px;\" src=\"https:\/\/viajarcomtempo.eu\/wp-content\/uploads\/2023\/08\/N222Km49.gif\" alt=\"\"><\/a><\/td><td><a href=\"https:\/\/viajarcomtempo.eu\/?page_id=2317\"><strong>Castelo de Paiva<\/strong><\/a><\/td><\/tr><tr><td><\/td><td><a href=\"https:\/\/viajarcomtempo.eu\/wp-content\/uploads\/2023\/09\/CasteloPaiva_Cinfaes.pdf\" target=\"_blank\" rel=\"noreferrer noopener\"><strong>Percurso Castelo de Paiva &#8211; Cinf\u00e3es<\/strong><\/a><\/td><\/tr><tr><td>53<\/td><td>Crasto Payva Douro Nature, Turismo Rural;<br>Costeira Douro, alojamento tur\u00edstico;<\/td><\/tr><tr><td>58<\/td><td>Parque de Autocaravanismo de Souselo;<br>Parque Merendas de Escamar\u00e3o;<br>Churrasqueira Casa de Pasto;<\/td><\/tr><tr><td>59<\/td><td>Restaurante Encosta do Ameal.<\/td><\/tr><tr><td>60<\/td><td>Casa Santo Ant\u00f3nio da Lameira, Espadanedo.<\/td><\/tr><tr><td>63<\/td><td>Churrasqueira Caf\u00e9 Restaurante Ponto De Encontro.<\/td><\/tr><tr><td>67<\/td><td>Casa do Espadanal Guest House.<\/td><\/tr><tr><td><a href=\"https:\/\/viajarcomtempo.eu\/?page_id=2337\"><img loading=\"lazy\" decoding=\"async\" width=\"50\" height=\"67\" class=\"wp-image-2358\" style=\"width: 50px;\" src=\"https:\/\/viajarcomtempo.eu\/wp-content\/uploads\/2023\/09\/N222Km78.gif\" alt=\"\"><\/a><\/td><td><strong><a href=\"https:\/\/viajarcomtempo.eu\/?page_id=2337\">Cinf\u00e3es<\/a><\/strong><\/td><\/tr><tr><td><\/td><td><a href=\"https:\/\/viajarcomtempo.eu\/wp-content\/uploads\/2023\/09\/Cinfaes_Resende.pdf\" target=\"_blank\" rel=\"noreferrer noopener\"><strong>Percurso Cinf\u00e3es &#8211; Resende<\/strong><\/a><\/td><\/tr><tr><td>81<\/td><td>Miradouro da foz do Bestan\u00e7a;<br>Quinta do Freixieiro;<\/td><\/tr><tr><td>83<\/td><td>Baloi\u00e7o da Ponte;<br>Ponte de Pias;<br>Parque de Lazer de Pias;<br>Centro de Interpreta\u00e7\u00e3o do Vale do Bestan\u00e7a;<br>Centro de Interpreta\u00e7\u00e3o do Vale do Bestan\u00e7a;<br>Baloi\u00e7o do Bestan\u00e7a;<\/td><\/tr><tr><td>85<\/td><td>Douro Hotel Porto Antigo;<\/td><\/tr><tr><td>86<\/td><td>Miradouro da Carregosa;<br>Parque de Merendas da Trincheira;<br>Miradouro da Trincheira;<\/td><\/tr><tr><td>89<\/td><td>Casa Quinta da Cal\u00e7ada;<\/td><\/tr><tr><td>91<\/td><td>Vista panor\u00e2mica para o Douro;<\/td><\/tr><tr><td>92<\/td><td>Ponte do Cabrum;<\/td><\/tr><tr><td>95<\/td><td>Douro Marina Hotel &amp; SPA;<br>Restaurante Das Caldas;<br>Alojamento das Caldas;<br>Termas das Caldas de Aregos;<br>Hotel Com\u00e9rcio.<\/td><\/tr><tr><td><a href=\"https:\/\/viajarcomtempo.eu\/?page_id=2380\"><img loading=\"lazy\" decoding=\"async\" width=\"50\" height=\"67\" class=\"wp-image-2359\" style=\"width: 50px;\" src=\"https:\/\/viajarcomtempo.eu\/wp-content\/uploads\/2023\/09\/N222Km100.gif\" alt=\"\"><\/a><\/td><td><strong><a href=\"https:\/\/viajarcomtempo.eu\/?page_id=2380\"><br>Resende<\/a><\/strong><\/td><\/tr><tr><td><\/td><td><a href=\"https:\/\/viajarcomtempo.eu\/wp-content\/uploads\/2023\/10\/Resende_Lamego.pdf\" target=\"_blank\" rel=\"noreferrer noopener\"><strong>Percurso Resende &#8211; Lamego<\/strong><\/a><\/td><\/tr><tr><td>102<\/td><td>Toca Dos Petiscos<\/td><\/tr><tr><td>105<\/td><td>Casa da Obra <strong>(<\/strong>AL<strong>)<\/strong><br>Casa da Eira&nbsp;(AL)<br>Casa do Lagar (AL)<\/td><\/tr><tr><td>113<\/td><td>Moinho do Ribeiro dos Moinhos<\/td><\/tr><tr><td>114<\/td><td>Convento De Jesus, Marie e Jos\u00e9<\/td><\/tr><tr><td>122<\/td><td>Quinta do Pombal<\/td><\/tr><tr><td>123<\/td><td>Delfim Douro Hotel<\/td><\/tr><tr><td>125<\/td><td>Douro Valley &#8211; Casa Vale do Douro<\/td><\/tr><tr><td>127<\/td><td>Casa dos Varais<br>Hotel Vila Gal\u00e9 Collection Douro<\/td><\/tr><tr><td><img decoding=\"async\" class=\"wp-image-1012\" style=\"width: 50px;\" src=\"https:\/\/viajarcomtempo.eu\/wp-content\/uploads\/2021\/03\/Km103-1.gif\" alt=\"\"><a href=\"https:\/\/viajarcomtempo.eu\/?page_id=1029\"><img loading=\"lazy\" decoding=\"async\" width=\"50\" height=\"68\" class=\"wp-image-2420\" style=\"width: 50px;\" src=\"https:\/\/viajarcomtempo.eu\/wp-content\/uploads\/2023\/10\/N222Km127.gif\" alt=\"\"><\/a><\/td><td><strong><a href=\"https:\/\/viajarcomtempo.eu\/?page_id=1029\">Lamego<\/a><\/strong><\/td><\/tr><tr><td><\/td><td><a href=\"https:\/\/viajarcomtempo.eu\/wp-content\/uploads\/2023\/10\/Lamego_Armamar.pdf\" target=\"_blank\" rel=\"noreferrer noopener\"><strong>Percurso Lamego &#8211; Armamar<\/strong><\/a><\/td><\/tr><tr><td>131<\/td><td>Eclusa da Barragem da R\u00e9gua<br>Cais De Baga\u00faste<\/td><\/tr><tr><td>137<\/td><td>DOC &#8211; Chef Rui Paula,<br>Hotel Folgosa Douro<br>Quinta Da Azenha Turismo Rural<br>Tom\u00e1s Barqueiro Bed And Breakfast<\/td><\/tr><tr><td><a href=\"https:\/\/viajarcomtempo.eu\/?page_id=2384\"><img loading=\"lazy\" decoding=\"async\" width=\"50\" height=\"67\" class=\"wp-image-2421\" style=\"width: 50px;\" src=\"https:\/\/viajarcomtempo.eu\/wp-content\/uploads\/2023\/10\/N222Km140.gif\" alt=\"\"><\/a><\/td><td><a href=\"https:\/\/viajarcomtempo.eu\/?page_id=2384\"><strong>Armamar<\/strong><\/a><\/td><\/tr><tr><td><\/td><td><a href=\"https:\/\/viajarcomtempo.eu\/wp-content\/uploads\/2023\/10\/Armamar_Tabuaco.pdf\" target=\"_blank\" rel=\"noreferrer noopener\"><strong>Percurso Armamar &#8211; Tabua\u00e7o<\/strong><\/a><\/td><\/tr><tr><td>142<\/td><td>Quinta de S\u00e3o Lu\u00eds (Produtor Vin\u00edcola)<br>Restaurante Casa dos Peixinhos<\/td><\/tr><tr><td>143<\/td><td>Quinta da Carolina (Produtor Vin\u00edcola<\/td><\/tr><tr><td>145<\/td><td>Quinta do Espinho (Produto<br>Foz do T\u00e1vora Bar<br>Quinta do Espinho (Produtor Vin\u00edcola e Alojamento)<br>Marina Foz do T\u00e1vora<\/td><\/tr><tr><td>146<\/td><td>Hotel Rural Quinta do P\u00e9go<\/td><\/tr><tr><td>147<\/td><td>Miradouro do P\u00e9go<\/td><\/tr><tr><td><a href=\"https:\/\/viajarcomtempo.eu\/?page_id=2386\"><img loading=\"lazy\" decoding=\"async\" width=\"50\" height=\"67\" class=\"wp-image-2422\" style=\"width: 50px;\" src=\"https:\/\/viajarcomtempo.eu\/wp-content\/uploads\/2023\/10\/N222Km149.gif\" alt=\"\"><\/a><\/td><td><a href=\"https:\/\/viajarcomtempo.eu\/?page_id=2386\"><strong>Tabua\u00e7o<\/strong><\/a><\/td><\/tr><tr><td><\/td><td><a href=\"https:\/\/viajarcomtempo.eu\/wp-content\/uploads\/2023\/10\/Tabuaco_SaoJoaoPesqueira.pdf\" target=\"_blank\" rel=\"noreferrer noopener\"><strong>Percurso Tabua\u00e7o &#8211; S\u00e3o Jo\u00e3o da Pesqueira<\/strong><\/a><\/td><\/tr><tr><td>150<\/td><td>Miradouros de Casais do Douro<\/td><\/tr><tr><td>154<\/td><td>Ventozelo Hotel &amp; Quinta<br>Miradouro da Estrada Nacional 222<\/td><\/tr><tr><td>156<\/td><td>Miradouro da Abilheira<\/td><\/tr><tr><td>159<\/td><td>Restaurante Ervedosa Do Douro<br>Restaurante Costa Verde<br>Restaurante Toca da Raposa<\/td><\/tr><tr><td>166<\/td><td>Restaurante Pesqueirense<br>Museu do Vinho de S. Jo\u00e3o da Pesqueira<\/td><\/tr><tr><td><a href=\"https:\/\/viajarcomtempo.eu\/?page_id=2388\"><img loading=\"lazy\" decoding=\"async\" width=\"50\" height=\"68\" class=\"wp-image-2423\" style=\"width: 50px;\" src=\"https:\/\/viajarcomtempo.eu\/wp-content\/uploads\/2023\/10\/N222Km167.gif\" alt=\"\"><\/a><\/td><td><a href=\"https:\/\/viajarcomtempo.eu\/?page_id=2388\"><strong>S\u00e3o Jo\u00e3o da Pesqueira<\/strong><\/a><\/td><\/tr><tr><td><\/td><td><a href=\"https:\/\/viajarcomtempo.eu\/wp-content\/uploads\/2024\/01\/SaoJoaoPesqueira_VilaNovaFozCoa.pdf\" target=\"_blank\" rel=\"noreferrer noopener\"><strong>Percurso S\u00e3o Jo\u00e3o da Pesqueira &#8211; Vila Nova de Foz C\u00f4a<\/strong><\/a><\/td><\/tr><tr><td>172<\/td><td>Quinta de Nogueira &#8211; Loja de artigos de vinicultura<\/td><\/tr><tr><td>174<\/td><td>Restaurante &#8220;O Sobreiro&#8221;<\/td><\/tr><tr><td>186<\/td><td>Miradouro de Horta do Douro<\/td><\/tr><tr><td>189<\/td><td>Restaurante Solar Da Teja<br>Quinita Restaurante e Alojamento<br>Hospedaria Mirateja<\/td><\/tr><tr><td>196<\/td><td>Restaurante Pizzaria Santo Amaro<\/td><\/tr><tr><td><a href=\"https:\/\/viajarcomtempo.eu\/?page_id=2390\"><img loading=\"lazy\" decoding=\"async\" width=\"50\" height=\"67\" class=\"wp-image-2424\" style=\"width: 50px;\" src=\"https:\/\/viajarcomtempo.eu\/wp-content\/uploads\/2023\/10\/N222Km209.gif\" alt=\"\"><\/a><\/td><td><strong><a href=\"https:\/\/viajarcomtempo.eu\/?page_id=2390\">Vila Nova de Foz C\u00f4a<\/a><\/strong><\/td><\/tr><tr><td>219<\/td><td><strong>Vista Panor\u00e2mica de Castelo Melhor<\/strong><\/td><\/tr><tr><td><img loading=\"lazy\" decoding=\"async\" width=\"50\" height=\"67\" class=\"wp-image-2425\" style=\"width: 50px;\" src=\"https:\/\/viajarcomtempo.eu\/wp-content\/uploads\/2023\/10\/N222Km226.gif\" alt=\"\"><\/td><td><strong>Final da Estrada Nacional 222<\/strong><\/td><\/tr><tr><td><\/td><td><\/td><\/tr><\/tbody><\/table><\/figure>\n\n\n\n<p class=\"wp-block-paragraph\"><\/p>\n\n\n\n<p class=\"wp-block-paragraph\"><\/p>\n\n\n\n<p class=\"wp-block-paragraph\"><a href=\"http:\/\/localhost\/ViajarComTempo\/\">V<\/a><a href=\"https:\/\/viajarcomtempo.eu\/?page_id=2367\">oltar \u21b5<\/a><\/p>\n","protected":false},"excerpt":{"rendered":"<p>Voltar \u21b5 Este roteiro pela Estrada Nacional 222, mostra os locais e os pontos de interesse ao longo dos quil\u00f3metros desta estrada ou nas suas imedia\u00e7\u00f5es. O objetivo \u00e9 n\u00e3o influenciar o ritmo a que cada &#8220;viajante com tempo&#8221; quer desfrutar da natureza, das paisagens deslumbrantes, da gastronomia, dos monumentos e dos usos e os [&hellip;]<\/p>\n","protected":false},"author":1,"featured_media":0,"parent":0,"menu_order":0,"comment_status":"closed","ping_status":"closed","template":"","meta":{"_crdt_document":"","footnotes":""},"class_list":["post-2093","page","type-page","status-publish","hentry","eq-blocks"],"yoast_head":"<!-- This site is optimized with the Yoast SEO plugin v27.5 - https:\/\/yoast.com\/product\/yoast-seo-wordpress\/ -->\n<title>Roteiro da N222 Km a Km - Viajar Com Tempo<\/title>\n<meta name=\"robots\" content=\"index, follow, max-snippet:-1, max-image-preview:large, max-video-preview:-1\" \/>\n<link rel=\"canonical\" href=\"https:\/\/viajarcomtempo.eu\/?page_id=2093\" \/>\n<meta property=\"og:locale\" content=\"pt_PT\" \/>\n<meta property=\"og:type\" content=\"article\" \/>\n<meta property=\"og:title\" content=\"Roteiro da N222 Km a Km - Viajar Com Tempo\" \/>\n<meta property=\"og:description\" content=\"Voltar \u21b5 Este roteiro pela Estrada Nacional 222, mostra os locais e os pontos de interesse ao longo dos quil\u00f3metros desta estrada ou nas suas imedia\u00e7\u00f5es. O objetivo \u00e9 n\u00e3o influenciar o ritmo a que cada &#8220;viajante com tempo&#8221; quer desfrutar da natureza, das paisagens deslumbrantes, da gastronomia, dos monumentos e dos usos e os [&hellip;]\" \/>\n<meta property=\"og:url\" content=\"https:\/\/viajarcomtempo.eu\/?page_id=2093\" \/>\n<meta property=\"og:site_name\" content=\"Viajar Com Tempo\" \/>\n<meta property=\"article:modified_time\" content=\"2024-03-03T16:46:47+00:00\" \/>\n<meta property=\"og:image\" content=\"https:\/\/viajarcomtempo.eu\/wp-content\/uploads\/2022\/06\/N222Km0.gif\" \/>\n<meta name=\"twitter:card\" content=\"summary_large_image\" \/>\n<meta name=\"twitter:label1\" content=\"Tempo estimado de leitura\" \/>\n\t<meta name=\"twitter:data1\" content=\"2 minutos\" \/>\n<script type=\"application\/ld+json\" class=\"yoast-schema-graph\">{\"@context\":\"https:\\\/\\\/schema.org\",\"@graph\":[{\"@type\":\"WebPage\",\"@id\":\"https:\\\/\\\/viajarcomtempo.eu\\\/?page_id=2093\",\"url\":\"https:\\\/\\\/viajarcomtempo.eu\\\/?page_id=2093\",\"name\":\"Roteiro da N222 Km a Km - Viajar Com Tempo\",\"isPartOf\":{\"@id\":\"https:\\\/\\\/viajarcomtempo.eu\\\/#website\"},\"primaryImageOfPage\":{\"@id\":\"https:\\\/\\\/viajarcomtempo.eu\\\/?page_id=2093#primaryimage\"},\"image\":{\"@id\":\"https:\\\/\\\/viajarcomtempo.eu\\\/?page_id=2093#primaryimage\"},\"thumbnailUrl\":\"https:\\\/\\\/viajarcomtempo.eu\\\/wp-content\\\/uploads\\\/2022\\\/06\\\/N222Km0.gif\",\"datePublished\":\"2022-06-23T22:26:00+00:00\",\"dateModified\":\"2024-03-03T16:46:47+00:00\",\"breadcrumb\":{\"@id\":\"https:\\\/\\\/viajarcomtempo.eu\\\/?page_id=2093#breadcrumb\"},\"inLanguage\":\"pt-PT\",\"potentialAction\":[{\"@type\":\"ReadAction\",\"target\":[\"https:\\\/\\\/viajarcomtempo.eu\\\/?page_id=2093\"]}]},{\"@type\":\"ImageObject\",\"inLanguage\":\"pt-PT\",\"@id\":\"https:\\\/\\\/viajarcomtempo.eu\\\/?page_id=2093#primaryimage\",\"url\":\"\",\"contentUrl\":\"\"},{\"@type\":\"BreadcrumbList\",\"@id\":\"https:\\\/\\\/viajarcomtempo.eu\\\/?page_id=2093#breadcrumb\",\"itemListElement\":[{\"@type\":\"ListItem\",\"position\":1,\"name\":\"In\u00edcio\",\"item\":\"https:\\\/\\\/viajarcomtempo.eu\\\/\"},{\"@type\":\"ListItem\",\"position\":2,\"name\":\"Roteiro da N222 Km a Km\"}]},{\"@type\":\"WebSite\",\"@id\":\"https:\\\/\\\/viajarcomtempo.eu\\\/#website\",\"url\":\"https:\\\/\\\/viajarcomtempo.eu\\\/\",\"name\":\"Viajar Com Tempo\",\"description\":\"Roteiros para viajar sem pressa\",\"publisher\":{\"@id\":\"https:\\\/\\\/viajarcomtempo.eu\\\/#\\\/schema\\\/person\\\/2f6c8045b5e07d397d92d8e5cf7aee98\"},\"potentialAction\":[{\"@type\":\"SearchAction\",\"target\":{\"@type\":\"EntryPoint\",\"urlTemplate\":\"https:\\\/\\\/viajarcomtempo.eu\\\/?s={search_term_string}\"},\"query-input\":{\"@type\":\"PropertyValueSpecification\",\"valueRequired\":true,\"valueName\":\"search_term_string\"}}],\"inLanguage\":\"pt-PT\"},{\"@type\":[\"Person\",\"Organization\"],\"@id\":\"https:\\\/\\\/viajarcomtempo.eu\\\/#\\\/schema\\\/person\\\/2f6c8045b5e07d397d92d8e5cf7aee98\",\"name\":\"Jos\u00e9 Salvador\",\"logo\":{\"@id\":\"https:\\\/\\\/viajarcomtempo.eu\\\/#\\\/schema\\\/person\\\/image\\\/\"},\"sameAs\":[\"http:\\\/\\\/viajarcomtempo.eu\"]}]}<\/script>\n<!-- \/ Yoast SEO plugin. -->","yoast_head_json":{"title":"Roteiro da N222 Km a Km - Viajar Com Tempo","robots":{"index":"index","follow":"follow","max-snippet":"max-snippet:-1","max-image-preview":"max-image-preview:large","max-video-preview":"max-video-preview:-1"},"canonical":"https:\/\/viajarcomtempo.eu\/?page_id=2093","og_locale":"pt_PT","og_type":"article","og_title":"Roteiro da N222 Km a Km - Viajar Com Tempo","og_description":"Voltar \u21b5 Este roteiro pela Estrada Nacional 222, mostra os locais e os pontos de interesse ao longo dos quil\u00f3metros desta estrada ou nas suas imedia\u00e7\u00f5es. O objetivo \u00e9 n\u00e3o influenciar o ritmo a que cada &#8220;viajante com tempo&#8221; quer desfrutar da natureza, das paisagens deslumbrantes, da gastronomia, dos monumentos e dos usos e os [&hellip;]","og_url":"https:\/\/viajarcomtempo.eu\/?page_id=2093","og_site_name":"Viajar Com Tempo","article_modified_time":"2024-03-03T16:46:47+00:00","og_image":[{"url":"https:\/\/viajarcomtempo.eu\/wp-content\/uploads\/2022\/06\/N222Km0.gif","type":"","width":"","height":""}],"twitter_card":"summary_large_image","twitter_misc":{"Tempo estimado de leitura":"2 minutos"},"schema":{"@context":"https:\/\/schema.org","@graph":[{"@type":"WebPage","@id":"https:\/\/viajarcomtempo.eu\/?page_id=2093","url":"https:\/\/viajarcomtempo.eu\/?page_id=2093","name":"Roteiro da N222 Km a Km - Viajar Com Tempo","isPartOf":{"@id":"https:\/\/viajarcomtempo.eu\/#website"},"primaryImageOfPage":{"@id":"https:\/\/viajarcomtempo.eu\/?page_id=2093#primaryimage"},"image":{"@id":"https:\/\/viajarcomtempo.eu\/?page_id=2093#primaryimage"},"thumbnailUrl":"https:\/\/viajarcomtempo.eu\/wp-content\/uploads\/2022\/06\/N222Km0.gif","datePublished":"2022-06-23T22:26:00+00:00","dateModified":"2024-03-03T16:46:47+00:00","breadcrumb":{"@id":"https:\/\/viajarcomtempo.eu\/?page_id=2093#breadcrumb"},"inLanguage":"pt-PT","potentialAction":[{"@type":"ReadAction","target":["https:\/\/viajarcomtempo.eu\/?page_id=2093"]}]},{"@type":"ImageObject","inLanguage":"pt-PT","@id":"https:\/\/viajarcomtempo.eu\/?page_id=2093#primaryimage","url":"","contentUrl":""},{"@type":"BreadcrumbList","@id":"https:\/\/viajarcomtempo.eu\/?page_id=2093#breadcrumb","itemListElement":[{"@type":"ListItem","position":1,"name":"In\u00edcio","item":"https:\/\/viajarcomtempo.eu\/"},{"@type":"ListItem","position":2,"name":"Roteiro da N222 Km a Km"}]},{"@type":"WebSite","@id":"https:\/\/viajarcomtempo.eu\/#website","url":"https:\/\/viajarcomtempo.eu\/","name":"Viajar Com Tempo","description":"Roteiros para viajar sem pressa","publisher":{"@id":"https:\/\/viajarcomtempo.eu\/#\/schema\/person\/2f6c8045b5e07d397d92d8e5cf7aee98"},"potentialAction":[{"@type":"SearchAction","target":{"@type":"EntryPoint","urlTemplate":"https:\/\/viajarcomtempo.eu\/?s={search_term_string}"},"query-input":{"@type":"PropertyValueSpecification","valueRequired":true,"valueName":"search_term_string"}}],"inLanguage":"pt-PT"},{"@type":["Person","Organization"],"@id":"https:\/\/viajarcomtempo.eu\/#\/schema\/person\/2f6c8045b5e07d397d92d8e5cf7aee98","name":"Jos\u00e9 Salvador","logo":{"@id":"https:\/\/viajarcomtempo.eu\/#\/schema\/person\/image\/"},"sameAs":["http:\/\/viajarcomtempo.eu"]}]}},"_links":{"self":[{"href":"https:\/\/viajarcomtempo.eu\/index.php?rest_route=\/wp\/v2\/pages\/2093","targetHints":{"allow":["GET"]}}],"collection":[{"href":"https:\/\/viajarcomtempo.eu\/index.php?rest_route=\/wp\/v2\/pages"}],"about":[{"href":"https:\/\/viajarcomtempo.eu\/index.php?rest_route=\/wp\/v2\/types\/page"}],"author":[{"embeddable":true,"href":"https:\/\/viajarcomtempo.eu\/index.php?rest_route=\/wp\/v2\/users\/1"}],"replies":[{"embeddable":true,"href":"https:\/\/viajarcomtempo.eu\/index.php?rest_route=%2Fwp%2Fv2%2Fcomments&post=2093"}],"version-history":[{"count":28,"href":"https:\/\/viajarcomtempo.eu\/index.php?rest_route=\/wp\/v2\/pages\/2093\/revisions"}],"predecessor-version":[{"id":2491,"href":"https:\/\/viajarcomtempo.eu\/index.php?rest_route=\/wp\/v2\/pages\/2093\/revisions\/2491"}],"wp:attachment":[{"href":"https:\/\/viajarcomtempo.eu\/index.php?rest_route=%2Fwp%2Fv2%2Fmedia&parent=2093"}],"curies":[{"name":"wp","href":"https:\/\/api.w.org\/{rel}","templated":true}]}}