{"id":2367,"date":"2023-09-27T22:51:27","date_gmt":"2023-09-27T22:51:27","guid":{"rendered":"https:\/\/viajarcomtempo.eu\/?page_id=2367"},"modified":"2024-03-03T15:46:45","modified_gmt":"2024-03-03T15:46:45","slug":"roteiros-2-3","status":"publish","type":"page","link":"https:\/\/viajarcomtempo.eu\/?page_id=2367","title":{"rendered":"Roteiro Nacional 222"},"content":{"rendered":"<h2 id=\"elementor-tab-title-1831\" role=\"tab\" data-tab=\"1\" aria-controls=\"elementor-tab-content-1831\"><a href=\"https:\/\/viajarcomtempo.eu\/?page_id=2093\">Roteiro da N222 Km a Km<\/a>\u00a0 \u00a0 \u00a0<a href=\"https:\/\/viajarcomtempo.eu\/?page_id=2280\">Roteiro da N222 Dia a Dia<\/a><\/h2>\n<p>Considerada uma das estradas mais bonitas do mundo, a Nacional 222 oferece paisagens maravilhosas, seja a par do rio Douro ou a serpentear por entre as vinhas. Cruza tr\u00eas locais classificados como Patrim\u00f3nio da Humanidade da UNESCO:<\/p>\n<ul>\n<li><strong>Zona ribeirinha da cidade do Porto;<\/strong><\/li>\n<li><strong>Alto Douro Vinhateiro;<\/strong><\/li>\n<li><strong>Gravuras Rupestres do Vale do C\u00f4a<\/strong>.<\/li>\n<\/ul>\n<p>A\u00a0<strong>Estrada Nacional 222<\/strong> (EN222), come\u00e7a no concelho <strong>Vila Nova de Gaia,\u00a0<\/strong>Perto da Rotunda de Santo Ov\u00eddio, e termina em <strong>Almendra,<\/strong> no concelho de <strong>Vila Nova de Foz C\u00f4a<\/strong>, numa extens\u00e3o de 226 km, quase sempre ao longo da margem esquerda do rio Douro.<\/p>\n<p>O roteiro pela Estrada Nacional 222 \u00e9 uma excelente op\u00e7\u00e3o para quem aprecia a natureza e paisagens deslumbrantes, mas \u00e9 apenas um gui\u00e3o (o nosso roteiro). Se n\u00e3o cumprir ou se ultrapassar o previsto reorganize e continue. Mas lembre-se, sem pressas, est\u00e1 a <strong><em>viajar com tempo.<\/em><\/strong><\/p>\n<h2 style=\"margin: 0cm 0cm 7.5pt 0cm;\">Veja a Lista dos artigos publicados<\/h2>\n\n\n<div class=\"wp-block-group\"><div class=\"wp-block-group__inner-container is-layout-constrained wp-block-group-is-layout-constrained\"><ul class=\"wp-block-latest-posts__list wp-block-latest-posts\"><li><a class=\"wp-block-latest-posts__post-title\" href=\"https:\/\/viajarcomtempo.eu\/?p=2377\">Roteiro N222<\/a><\/li>\n<\/ul><\/div><\/div>\n","protected":false},"excerpt":{"rendered":"<p>Roteiro da N222 Km a Km\u00a0 \u00a0 \u00a0Roteiro da N222 Dia a Dia Considerada uma das estradas mais bonitas do mundo, a Nacional 222 oferece paisagens maravilhosas, seja a par do rio Douro ou a serpentear por entre as vinhas. Cruza tr\u00eas locais classificados como Patrim\u00f3nio da Humanidade da UNESCO: Zona ribeirinha da cidade do [&hellip;]<\/p>\n","protected":false},"author":1,"featured_media":0,"parent":0,"menu_order":0,"comment_status":"closed","ping_status":"closed","template":"","meta":{"_crdt_document":"","footnotes":""},"class_list":["post-2367","page","type-page","status-publish","hentry","eq-blocks"],"yoast_head":"<!-- This site is optimized with the Yoast SEO plugin v27.3 - https:\/\/yoast.com\/product\/yoast-seo-wordpress\/ -->\n<title>Roteiro Nacional 222 - Viajar Com Tempo<\/title>\n<meta name=\"robots\" content=\"index, follow, max-snippet:-1, max-image-preview:large, max-video-preview:-1\" \/>\n<link rel=\"canonical\" href=\"https:\/\/viajarcomtempo.eu\/?page_id=2367\" \/>\n<meta property=\"og:locale\" content=\"pt_PT\" \/>\n<meta property=\"og:type\" content=\"article\" \/>\n<meta property=\"og:title\" content=\"Roteiro Nacional 222 - Viajar Com Tempo\" \/>\n<meta property=\"og:description\" content=\"Roteiro da N222 Km a Km\u00a0 \u00a0 \u00a0Roteiro da N222 Dia a Dia Considerada uma das estradas mais bonitas do mundo, a Nacional 222 oferece paisagens maravilhosas, seja a par do rio Douro ou a serpentear por entre as vinhas. Cruza tr\u00eas locais classificados como Patrim\u00f3nio da Humanidade da UNESCO: Zona ribeirinha da cidade do [&hellip;]\" \/>\n<meta property=\"og:url\" content=\"https:\/\/viajarcomtempo.eu\/?page_id=2367\" \/>\n<meta property=\"og:site_name\" content=\"Viajar Com Tempo\" \/>\n<meta property=\"article:modified_time\" content=\"2024-03-03T15:46:45+00:00\" \/>\n<meta name=\"twitter:card\" content=\"summary_large_image\" \/>\n<meta name=\"twitter:label1\" content=\"Tempo estimado de leitura\" \/>\n\t<meta name=\"twitter:data1\" content=\"1 minuto\" \/>\n<script type=\"application\/ld+json\" class=\"yoast-schema-graph\">{\"@context\":\"https:\\\/\\\/schema.org\",\"@graph\":[{\"@type\":\"WebPage\",\"@id\":\"https:\\\/\\\/viajarcomtempo.eu\\\/?page_id=2367\",\"url\":\"https:\\\/\\\/viajarcomtempo.eu\\\/?page_id=2367\",\"name\":\"Roteiro Nacional 222 - Viajar Com Tempo\",\"isPartOf\":{\"@id\":\"https:\\\/\\\/viajarcomtempo.eu\\\/#website\"},\"datePublished\":\"2023-09-27T22:51:27+00:00\",\"dateModified\":\"2024-03-03T15:46:45+00:00\",\"breadcrumb\":{\"@id\":\"https:\\\/\\\/viajarcomtempo.eu\\\/?page_id=2367#breadcrumb\"},\"inLanguage\":\"pt-PT\",\"potentialAction\":[{\"@type\":\"ReadAction\",\"target\":[\"https:\\\/\\\/viajarcomtempo.eu\\\/?page_id=2367\"]}]},{\"@type\":\"BreadcrumbList\",\"@id\":\"https:\\\/\\\/viajarcomtempo.eu\\\/?page_id=2367#breadcrumb\",\"itemListElement\":[{\"@type\":\"ListItem\",\"position\":1,\"name\":\"In\u00edcio\",\"item\":\"https:\\\/\\\/viajarcomtempo.eu\\\/\"},{\"@type\":\"ListItem\",\"position\":2,\"name\":\"Roteiro Nacional 222\"}]},{\"@type\":\"WebSite\",\"@id\":\"https:\\\/\\\/viajarcomtempo.eu\\\/#website\",\"url\":\"https:\\\/\\\/viajarcomtempo.eu\\\/\",\"name\":\"Viajar Com Tempo\",\"description\":\"Roteiros para viajar sem pressa\",\"publisher\":{\"@id\":\"https:\\\/\\\/viajarcomtempo.eu\\\/#\\\/schema\\\/person\\\/2f6c8045b5e07d397d92d8e5cf7aee98\"},\"potentialAction\":[{\"@type\":\"SearchAction\",\"target\":{\"@type\":\"EntryPoint\",\"urlTemplate\":\"https:\\\/\\\/viajarcomtempo.eu\\\/?s={search_term_string}\"},\"query-input\":{\"@type\":\"PropertyValueSpecification\",\"valueRequired\":true,\"valueName\":\"search_term_string\"}}],\"inLanguage\":\"pt-PT\"},{\"@type\":[\"Person\",\"Organization\"],\"@id\":\"https:\\\/\\\/viajarcomtempo.eu\\\/#\\\/schema\\\/person\\\/2f6c8045b5e07d397d92d8e5cf7aee98\",\"name\":\"Jos\u00e9 Salvador\",\"logo\":{\"@id\":\"https:\\\/\\\/viajarcomtempo.eu\\\/#\\\/schema\\\/person\\\/image\\\/\"},\"sameAs\":[\"http:\\\/\\\/viajarcomtempo.eu\"]}]}<\/script>\n<!-- \/ Yoast SEO plugin. -->","yoast_head_json":{"title":"Roteiro Nacional 222 - Viajar Com Tempo","robots":{"index":"index","follow":"follow","max-snippet":"max-snippet:-1","max-image-preview":"max-image-preview:large","max-video-preview":"max-video-preview:-1"},"canonical":"https:\/\/viajarcomtempo.eu\/?page_id=2367","og_locale":"pt_PT","og_type":"article","og_title":"Roteiro Nacional 222 - Viajar Com Tempo","og_description":"Roteiro da N222 Km a Km\u00a0 \u00a0 \u00a0Roteiro da N222 Dia a Dia Considerada uma das estradas mais bonitas do mundo, a Nacional 222 oferece paisagens maravilhosas, seja a par do rio Douro ou a serpentear por entre as vinhas. Cruza tr\u00eas locais classificados como Patrim\u00f3nio da Humanidade da UNESCO: Zona ribeirinha da cidade do [&hellip;]","og_url":"https:\/\/viajarcomtempo.eu\/?page_id=2367","og_site_name":"Viajar Com Tempo","article_modified_time":"2024-03-03T15:46:45+00:00","twitter_card":"summary_large_image","twitter_misc":{"Tempo estimado de leitura":"1 minuto"},"schema":{"@context":"https:\/\/schema.org","@graph":[{"@type":"WebPage","@id":"https:\/\/viajarcomtempo.eu\/?page_id=2367","url":"https:\/\/viajarcomtempo.eu\/?page_id=2367","name":"Roteiro Nacional 222 - Viajar Com Tempo","isPartOf":{"@id":"https:\/\/viajarcomtempo.eu\/#website"},"datePublished":"2023-09-27T22:51:27+00:00","dateModified":"2024-03-03T15:46:45+00:00","breadcrumb":{"@id":"https:\/\/viajarcomtempo.eu\/?page_id=2367#breadcrumb"},"inLanguage":"pt-PT","potentialAction":[{"@type":"ReadAction","target":["https:\/\/viajarcomtempo.eu\/?page_id=2367"]}]},{"@type":"BreadcrumbList","@id":"https:\/\/viajarcomtempo.eu\/?page_id=2367#breadcrumb","itemListElement":[{"@type":"ListItem","position":1,"name":"In\u00edcio","item":"https:\/\/viajarcomtempo.eu\/"},{"@type":"ListItem","position":2,"name":"Roteiro Nacional 222"}]},{"@type":"WebSite","@id":"https:\/\/viajarcomtempo.eu\/#website","url":"https:\/\/viajarcomtempo.eu\/","name":"Viajar Com Tempo","description":"Roteiros para viajar sem pressa","publisher":{"@id":"https:\/\/viajarcomtempo.eu\/#\/schema\/person\/2f6c8045b5e07d397d92d8e5cf7aee98"},"potentialAction":[{"@type":"SearchAction","target":{"@type":"EntryPoint","urlTemplate":"https:\/\/viajarcomtempo.eu\/?s={search_term_string}"},"query-input":{"@type":"PropertyValueSpecification","valueRequired":true,"valueName":"search_term_string"}}],"inLanguage":"pt-PT"},{"@type":["Person","Organization"],"@id":"https:\/\/viajarcomtempo.eu\/#\/schema\/person\/2f6c8045b5e07d397d92d8e5cf7aee98","name":"Jos\u00e9 Salvador","logo":{"@id":"https:\/\/viajarcomtempo.eu\/#\/schema\/person\/image\/"},"sameAs":["http:\/\/viajarcomtempo.eu"]}]}},"_links":{"self":[{"href":"https:\/\/viajarcomtempo.eu\/index.php?rest_route=\/wp\/v2\/pages\/2367","targetHints":{"allow":["GET"]}}],"collection":[{"href":"https:\/\/viajarcomtempo.eu\/index.php?rest_route=\/wp\/v2\/pages"}],"about":[{"href":"https:\/\/viajarcomtempo.eu\/index.php?rest_route=\/wp\/v2\/types\/page"}],"author":[{"embeddable":true,"href":"https:\/\/viajarcomtempo.eu\/index.php?rest_route=\/wp\/v2\/users\/1"}],"replies":[{"embeddable":true,"href":"https:\/\/viajarcomtempo.eu\/index.php?rest_route=%2Fwp%2Fv2%2Fcomments&post=2367"}],"version-history":[{"count":6,"href":"https:\/\/viajarcomtempo.eu\/index.php?rest_route=\/wp\/v2\/pages\/2367\/revisions"}],"predecessor-version":[{"id":2489,"href":"https:\/\/viajarcomtempo.eu\/index.php?rest_route=\/wp\/v2\/pages\/2367\/revisions\/2489"}],"wp:attachment":[{"href":"https:\/\/viajarcomtempo.eu\/index.php?rest_route=%2Fwp%2Fv2%2Fmedia&parent=2367"}],"curies":[{"name":"wp","href":"https:\/\/api.w.org\/{rel}","templated":true}]}}