{"id":2384,"date":"2023-10-17T13:43:43","date_gmt":"2023-10-17T13:43:43","guid":{"rendered":"https:\/\/viajarcomtempo.eu\/?page_id=2384"},"modified":"2023-10-22T16:25:47","modified_gmt":"2023-10-22T16:25:47","slug":"chaves-3-5-2-2-4-2-2-2-2-2-2-2-2-2-3-2-2-2-2-2-2-2-2-2-3","status":"publish","type":"page","link":"https:\/\/viajarcomtempo.eu\/?page_id=2384","title":{"rendered":"Armamar"},"content":{"rendered":"\n<script>\/\/ <![CDATA[\nfunction goBack() { window.history.back() }\n\/\/ ]]><\/script>\n<button onclick=\"goBack()\"><strong>Voltar \u00e0 p\u00e1gina anterior<\/strong><\/button>\n<br><br>\n\n\n\n<p class=\"wp-block-paragraph\">Armamar situa-se no Alto Douro Vinhateiro, regi\u00e3o classificada Patrim\u00f3nio Mundial pela UNESCO. A partir da margem do Douro o Concelho estende-se para sul, onde grande parte da \u00e1rea \u00e9 ocupada por grandes pomares de ma\u00e7\u00e3s, num solo que, ao contr\u00e1rio do que existe junto ao Douro, \u00e9 gran\u00edtico e mais plano, dando as vinhas lugar \u00e0s macieiras. Por esta raz\u00e3o, Armamar, \u00e9 considerada a capital da Ma\u00e7\u00e3 de Montanha<\/p>\n\n\n\n<p class=\"wp-block-paragraph\">O povoamento deste territ\u00f3rio dever\u00e1 remontar \u00e0 \u00e9poca leonesa-portucalense S\u00e9c. IX e XII. No s\u00e9culo XII, \u00e1rabes e crist\u00e3os, lutavam pela posse das terras desta regi\u00e3o, sendo que a principal consequ\u00eancia foi o seu despovoamento. S\u00f3 no reinado de D. Afonso Henriques voltaram a ser povoadas.<\/p>\n\n\n\n<div class=\"wp-block-group\"><div class=\"wp-block-group__inner-container is-layout-flow wp-block-group-is-layout-flow\">\n<div class=\"wp-block-columns is-layout-flex wp-container-core-columns-is-layout-8f761849 wp-block-columns-is-layout-flex\">\n<div class=\"wp-block-column is-layout-flow wp-block-column-is-layout-flow\" style=\"flex-basis:100%\">\n<div class=\"wp-block-group\"><div class=\"wp-block-group__inner-container is-layout-flow wp-block-group-is-layout-flow\">\n<div class=\"wp-block-columns is-layout-flex wp-container-core-columns-is-layout-8f761849 wp-block-columns-is-layout-flex\">\n<div class=\"wp-block-column is-layout-flow wp-block-column-is-layout-flow\" style=\"flex-basis:100%\">\n<figure class=\"wp-block-table is-style-regular\"><table class=\"has-background\" style=\"background-color:#e7f5fe\"><tbody><tr><td><strong>Site da CM A<\/strong>rmamar<\/td><td><a href=\"http:\/\/cm-armamar.pt\" target=\"_blank\" rel=\"noreferrer noopener\">cm-armamar.pt<\/a><\/td><\/tr><tr><td><strong>Posto de Turismo<\/strong><\/td><td>Avenida Dr. Oliveira Salazar &#8211; EN313 5110-122 Armamar<br>Telefone: 254 850 807<br>turismo@cm-armamar.pt<\/td><\/tr><tr><td><strong>Naturais de Armamar<\/strong><\/td><td><strong>Armamarenses<\/strong>.<\/td><\/tr><tr><td><strong>Artesanato<\/strong><\/td><td>Produ\u00e7\u00e3o de tanoaria e vasilhame, a partir da madeira de castanho, mat\u00e9ria-prima da regi\u00e3o.<\/td><\/tr><tr><td><strong>Festas e Romarias<\/strong><\/td><td>Festa de S. Pedro, que se realiza em junho, em Queimada;<br>Festa de S. Jo\u00e3o, tamb\u00e9m em junho, em Armamar;<br>Festa de S. Greg\u00f3rio, a 12 de mar\u00e7o, em&nbsp;<strong>Santa Cruz<\/strong>;<br>Festa de Nossa Senhora da Piedade, realizada no \u00faltimo domingo de maio;<br>Festa de S. Crist\u00f3v\u00e3o, a 25 de julho, em Aricera;<br>Festa de S. Domingos, realizada a 5 e 6 de agosto, em Fontelo;<br>Festa da Alegria, a 6 de setembro, em Fontelo;<br>Festa de S\u00e3o L\u00e1zaro, no Domingo da Paix\u00e3o, anterior ao Domingo de Ramos, em Armamar.<\/td><\/tr><\/tbody><\/table><\/figure>\n<\/div>\n<\/div>\n<\/div><\/div>\n\n\n\n<p class=\"has-medium-font-size wp-block-paragraph\">Para mais informa\u00e7\u00e3o ver Ficheiro PDF do <strong><a href=\"https:\/\/viajarcomtempo.eu\/wp-content\/uploads\/2023\/10\/Armamar.pdf\" target=\"_blank\" rel=\"noreferrer noopener\">Concelho de Armamar<\/a><\/strong><\/p>\n<\/div>\n<\/div>\n<\/div><\/div>\n\n\n\n<script>\/\/ <![CDATA[\nfunction goBack() { window.history.back() }\n\/\/ ]]><\/script>\n<button onclick=\"goBack()\"><strong>Voltar \u00e0 p\u00e1gina anterior<\/strong><\/button>\n<br><br>\n","protected":false},"excerpt":{"rendered":"<p>Voltar \u00e0 p\u00e1gina anterior Armamar situa-se no Alto Douro Vinhateiro, regi\u00e3o classificada Patrim\u00f3nio Mundial pela UNESCO. A partir da margem do Douro o Concelho estende-se para sul, onde grande parte da \u00e1rea \u00e9 ocupada por grandes pomares de ma\u00e7\u00e3s, num solo que, ao contr\u00e1rio do que existe junto ao Douro, \u00e9 gran\u00edtico e mais plano, [&hellip;]<\/p>\n","protected":false},"author":1,"featured_media":0,"parent":0,"menu_order":0,"comment_status":"closed","ping_status":"closed","template":"","meta":{"_crdt_document":"","footnotes":""},"class_list":["post-2384","page","type-page","status-publish","hentry","eq-blocks"],"yoast_head":"<!-- This site is optimized with the Yoast SEO plugin v27.3 - https:\/\/yoast.com\/product\/yoast-seo-wordpress\/ -->\n<title>Armamar - Viajar Com Tempo<\/title>\n<meta name=\"robots\" content=\"index, follow, max-snippet:-1, max-image-preview:large, max-video-preview:-1\" \/>\n<link rel=\"canonical\" href=\"https:\/\/viajarcomtempo.eu\/?page_id=2384\" \/>\n<meta property=\"og:locale\" content=\"pt_PT\" \/>\n<meta property=\"og:type\" content=\"article\" \/>\n<meta property=\"og:title\" content=\"Armamar - Viajar Com Tempo\" \/>\n<meta property=\"og:description\" content=\"Voltar \u00e0 p\u00e1gina anterior Armamar situa-se no Alto Douro Vinhateiro, regi\u00e3o classificada Patrim\u00f3nio Mundial pela UNESCO. A partir da margem do Douro o Concelho estende-se para sul, onde grande parte da \u00e1rea \u00e9 ocupada por grandes pomares de ma\u00e7\u00e3s, num solo que, ao contr\u00e1rio do que existe junto ao Douro, \u00e9 gran\u00edtico e mais plano, [&hellip;]\" \/>\n<meta property=\"og:url\" content=\"https:\/\/viajarcomtempo.eu\/?page_id=2384\" \/>\n<meta property=\"og:site_name\" content=\"Viajar Com Tempo\" \/>\n<meta property=\"article:modified_time\" content=\"2023-10-22T16:25:47+00:00\" \/>\n<meta name=\"twitter:card\" content=\"summary_large_image\" \/>\n<meta name=\"twitter:label1\" content=\"Tempo estimado de leitura\" \/>\n\t<meta name=\"twitter:data1\" content=\"1 minuto\" \/>\n<script type=\"application\/ld+json\" class=\"yoast-schema-graph\">{\"@context\":\"https:\\\/\\\/schema.org\",\"@graph\":[{\"@type\":\"WebPage\",\"@id\":\"https:\\\/\\\/viajarcomtempo.eu\\\/?page_id=2384\",\"url\":\"https:\\\/\\\/viajarcomtempo.eu\\\/?page_id=2384\",\"name\":\"Armamar - Viajar Com Tempo\",\"isPartOf\":{\"@id\":\"https:\\\/\\\/viajarcomtempo.eu\\\/#website\"},\"datePublished\":\"2023-10-17T13:43:43+00:00\",\"dateModified\":\"2023-10-22T16:25:47+00:00\",\"breadcrumb\":{\"@id\":\"https:\\\/\\\/viajarcomtempo.eu\\\/?page_id=2384#breadcrumb\"},\"inLanguage\":\"pt-PT\",\"potentialAction\":[{\"@type\":\"ReadAction\",\"target\":[\"https:\\\/\\\/viajarcomtempo.eu\\\/?page_id=2384\"]}]},{\"@type\":\"BreadcrumbList\",\"@id\":\"https:\\\/\\\/viajarcomtempo.eu\\\/?page_id=2384#breadcrumb\",\"itemListElement\":[{\"@type\":\"ListItem\",\"position\":1,\"name\":\"In\u00edcio\",\"item\":\"https:\\\/\\\/viajarcomtempo.eu\\\/\"},{\"@type\":\"ListItem\",\"position\":2,\"name\":\"Armamar\"}]},{\"@type\":\"WebSite\",\"@id\":\"https:\\\/\\\/viajarcomtempo.eu\\\/#website\",\"url\":\"https:\\\/\\\/viajarcomtempo.eu\\\/\",\"name\":\"Viajar Com Tempo\",\"description\":\"Roteiros para viajar sem pressa\",\"publisher\":{\"@id\":\"https:\\\/\\\/viajarcomtempo.eu\\\/#\\\/schema\\\/person\\\/2f6c8045b5e07d397d92d8e5cf7aee98\"},\"potentialAction\":[{\"@type\":\"SearchAction\",\"target\":{\"@type\":\"EntryPoint\",\"urlTemplate\":\"https:\\\/\\\/viajarcomtempo.eu\\\/?s={search_term_string}\"},\"query-input\":{\"@type\":\"PropertyValueSpecification\",\"valueRequired\":true,\"valueName\":\"search_term_string\"}}],\"inLanguage\":\"pt-PT\"},{\"@type\":[\"Person\",\"Organization\"],\"@id\":\"https:\\\/\\\/viajarcomtempo.eu\\\/#\\\/schema\\\/person\\\/2f6c8045b5e07d397d92d8e5cf7aee98\",\"name\":\"Jos\u00e9 Salvador\",\"logo\":{\"@id\":\"https:\\\/\\\/viajarcomtempo.eu\\\/#\\\/schema\\\/person\\\/image\\\/\"},\"sameAs\":[\"http:\\\/\\\/viajarcomtempo.eu\"]}]}<\/script>\n<!-- \/ Yoast SEO plugin. -->","yoast_head_json":{"title":"Armamar - Viajar Com Tempo","robots":{"index":"index","follow":"follow","max-snippet":"max-snippet:-1","max-image-preview":"max-image-preview:large","max-video-preview":"max-video-preview:-1"},"canonical":"https:\/\/viajarcomtempo.eu\/?page_id=2384","og_locale":"pt_PT","og_type":"article","og_title":"Armamar - Viajar Com Tempo","og_description":"Voltar \u00e0 p\u00e1gina anterior Armamar situa-se no Alto Douro Vinhateiro, regi\u00e3o classificada Patrim\u00f3nio Mundial pela UNESCO. A partir da margem do Douro o Concelho estende-se para sul, onde grande parte da \u00e1rea \u00e9 ocupada por grandes pomares de ma\u00e7\u00e3s, num solo que, ao contr\u00e1rio do que existe junto ao Douro, \u00e9 gran\u00edtico e mais plano, [&hellip;]","og_url":"https:\/\/viajarcomtempo.eu\/?page_id=2384","og_site_name":"Viajar Com Tempo","article_modified_time":"2023-10-22T16:25:47+00:00","twitter_card":"summary_large_image","twitter_misc":{"Tempo estimado de leitura":"1 minuto"},"schema":{"@context":"https:\/\/schema.org","@graph":[{"@type":"WebPage","@id":"https:\/\/viajarcomtempo.eu\/?page_id=2384","url":"https:\/\/viajarcomtempo.eu\/?page_id=2384","name":"Armamar - Viajar Com Tempo","isPartOf":{"@id":"https:\/\/viajarcomtempo.eu\/#website"},"datePublished":"2023-10-17T13:43:43+00:00","dateModified":"2023-10-22T16:25:47+00:00","breadcrumb":{"@id":"https:\/\/viajarcomtempo.eu\/?page_id=2384#breadcrumb"},"inLanguage":"pt-PT","potentialAction":[{"@type":"ReadAction","target":["https:\/\/viajarcomtempo.eu\/?page_id=2384"]}]},{"@type":"BreadcrumbList","@id":"https:\/\/viajarcomtempo.eu\/?page_id=2384#breadcrumb","itemListElement":[{"@type":"ListItem","position":1,"name":"In\u00edcio","item":"https:\/\/viajarcomtempo.eu\/"},{"@type":"ListItem","position":2,"name":"Armamar"}]},{"@type":"WebSite","@id":"https:\/\/viajarcomtempo.eu\/#website","url":"https:\/\/viajarcomtempo.eu\/","name":"Viajar Com Tempo","description":"Roteiros para viajar sem pressa","publisher":{"@id":"https:\/\/viajarcomtempo.eu\/#\/schema\/person\/2f6c8045b5e07d397d92d8e5cf7aee98"},"potentialAction":[{"@type":"SearchAction","target":{"@type":"EntryPoint","urlTemplate":"https:\/\/viajarcomtempo.eu\/?s={search_term_string}"},"query-input":{"@type":"PropertyValueSpecification","valueRequired":true,"valueName":"search_term_string"}}],"inLanguage":"pt-PT"},{"@type":["Person","Organization"],"@id":"https:\/\/viajarcomtempo.eu\/#\/schema\/person\/2f6c8045b5e07d397d92d8e5cf7aee98","name":"Jos\u00e9 Salvador","logo":{"@id":"https:\/\/viajarcomtempo.eu\/#\/schema\/person\/image\/"},"sameAs":["http:\/\/viajarcomtempo.eu"]}]}},"_links":{"self":[{"href":"https:\/\/viajarcomtempo.eu\/index.php?rest_route=\/wp\/v2\/pages\/2384","targetHints":{"allow":["GET"]}}],"collection":[{"href":"https:\/\/viajarcomtempo.eu\/index.php?rest_route=\/wp\/v2\/pages"}],"about":[{"href":"https:\/\/viajarcomtempo.eu\/index.php?rest_route=\/wp\/v2\/types\/page"}],"author":[{"embeddable":true,"href":"https:\/\/viajarcomtempo.eu\/index.php?rest_route=\/wp\/v2\/users\/1"}],"replies":[{"embeddable":true,"href":"https:\/\/viajarcomtempo.eu\/index.php?rest_route=%2Fwp%2Fv2%2Fcomments&post=2384"}],"version-history":[{"count":4,"href":"https:\/\/viajarcomtempo.eu\/index.php?rest_route=\/wp\/v2\/pages\/2384\/revisions"}],"predecessor-version":[{"id":2415,"href":"https:\/\/viajarcomtempo.eu\/index.php?rest_route=\/wp\/v2\/pages\/2384\/revisions\/2415"}],"wp:attachment":[{"href":"https:\/\/viajarcomtempo.eu\/index.php?rest_route=%2Fwp%2Fv2%2Fmedia&parent=2384"}],"curies":[{"name":"wp","href":"https:\/\/api.w.org\/{rel}","templated":true}]}}