{"id":2516,"date":"2024-03-06T18:49:17","date_gmt":"2024-03-06T18:49:17","guid":{"rendered":"https:\/\/viajarcomtempo.eu\/?page_id=2516"},"modified":"2024-03-10T19:55:07","modified_gmt":"2024-03-10T19:55:07","slug":"chaves-3-5-2-2-4-3","status":"publish","type":"page","link":"https:\/\/viajarcomtempo.eu\/?page_id=2516","title":{"rendered":"Alcanena"},"content":{"rendered":"\n<script>\/\/ <![CDATA[\nfunction goBack() { window.history.back() }\n\/\/ ]]><\/script>\n<button onclick=\"goBack()\"><strong>Voltar \u00e0 p\u00e1gina anterior<\/strong><\/button>\n<br><br>\n\n\n\n<p class=\"wp-block-paragraph\">Situada no imenso maci\u00e7o calc\u00e1rio, entalada entre as serras dos Candeeiros e de Aire, e os planaltos de Santo Ant\u00f3nio e de S. Mamede, os povos desta regi\u00e3o dedicavam-se sobretudo \u00e0 pastor\u00edcia, ao com\u00e9rcio e \u00e0 cria\u00e7\u00e3o de bichos de seda, entre outras atividades.<\/p>\n\n\n\n<p class=\"wp-block-paragraph\">O munic\u00edpio de Alcanena foi criado pela Lei n\u00ba 156 de 8 de maio de 1914, tendo a vila de Alcanena como sua sede.<\/p>\n\n\n\n<div class=\"wp-block-group\"><div class=\"wp-block-group__inner-container is-layout-flow wp-block-group-is-layout-flow\">\n<div class=\"wp-block-columns is-layout-flex wp-container-core-columns-is-layout-8f761849 wp-block-columns-is-layout-flex\">\n<div class=\"wp-block-column is-layout-flow wp-block-column-is-layout-flow\" style=\"flex-basis:100%\">\n<div class=\"wp-block-group\"><div class=\"wp-block-group__inner-container is-layout-flow wp-block-group-is-layout-flow\">\n<div class=\"wp-block-columns is-layout-flex wp-container-core-columns-is-layout-8f761849 wp-block-columns-is-layout-flex\">\n<div class=\"wp-block-column is-layout-flow wp-block-column-is-layout-flow\" style=\"flex-basis:100%\">\n<figure class=\"wp-block-table is-style-regular\"><table class=\"has-background\" style=\"background-color:#e7f5fe\"><tbody><tr><td><strong>Site da CM de A<\/strong>lcanena<\/td><td><a href=\"http:\/\/cm-alcanena.pt\/index.php\/pt\/municipio\" target=\"_blank\" rel=\"noreferrer noopener\">http:\/\/www.cm-alcanena.pt<\/a><\/td><\/tr><tr><td><strong>Posto de Turismo<\/strong><\/td><td>Casa Municipal da Cultura, Bairro Mota, 2380-037 Alcanena.<br>Telefone: 249 889 114, Email: cultura@cm-alcanena.pt.<\/td><\/tr><tr><td><strong>Naturais de A<\/strong>lcanena<\/td><td>Alcanenenses.<\/td><\/tr><tr><td><strong>Artesanato<\/strong><\/td><td>Destacam-se as almofadas de retalhos, balaio de junco e feno,<br>bonecas de malha, trabalhos em bunho, candeeiros e<br>mesas em bunho e cestaria em verga.<\/td><\/tr><tr><td><strong>Festas e Romarias<\/strong><\/td><td>Feira de Minde, no \u00faltimo domingo de junho;<br>Feira de Artesanato tradicional das Aldeias, em finais de julho;<br>Feira de Santa Ana;<br>Feira de Santana;<br>Feira do Livro, na primeira semana de setembro;<br>Feira mensal, em Santo Ant\u00f3nio;<br>Festas em honra de N. Sra. da Encarna\u00e7\u00e3o, no Espinheiro, entre os dias 25 e 28 de dezembro;<br>Festa de 5 de outubro;<br>Festa de S. Pedro;<br>Festa de S. Jo\u00e3o decorrem em junho.<\/td><\/tr><\/tbody><\/table><\/figure>\n<\/div>\n<\/div>\n<\/div><\/div>\n\n\n\n<p class=\"has-medium-font-size wp-block-paragraph\">Para mais informa\u00e7\u00e3o ver Ficheiro PDF do <a href=\"https:\/\/viajarcomtempo.eu\/wp-content\/uploads\/2024\/03\/Alcanena.pdf\" target=\"_blank\" rel=\"noreferrer noopener\">Concelho de Alcanena<\/a><\/p>\n<\/div>\n<\/div>\n<\/div><\/div>\n\n\n\n<script>\/\/ <![CDATA[\nfunction goBack() { window.history.back() }\n\/\/ ]]><\/script>\n<button onclick=\"goBack()\"><strong>Voltar \u00e0 p\u00e1gina anterior<\/strong><\/button>\n<br><br>\n","protected":false},"excerpt":{"rendered":"<p>Voltar \u00e0 p\u00e1gina anterior Situada no imenso maci\u00e7o calc\u00e1rio, entalada entre as serras dos Candeeiros e de Aire, e os planaltos de Santo Ant\u00f3nio e de S. Mamede, os povos desta regi\u00e3o dedicavam-se sobretudo \u00e0 pastor\u00edcia, ao com\u00e9rcio e \u00e0 cria\u00e7\u00e3o de bichos de seda, entre outras atividades. O munic\u00edpio de Alcanena foi criado pela [&hellip;]<\/p>\n","protected":false},"author":1,"featured_media":0,"parent":0,"menu_order":0,"comment_status":"closed","ping_status":"closed","template":"","meta":{"_crdt_document":"","footnotes":""},"class_list":["post-2516","page","type-page","status-publish","hentry","eq-blocks"],"yoast_head":"<!-- This site is optimized with the Yoast SEO plugin v27.3 - https:\/\/yoast.com\/product\/yoast-seo-wordpress\/ -->\n<title>Alcanena - Viajar Com Tempo<\/title>\n<meta name=\"robots\" content=\"index, follow, max-snippet:-1, max-image-preview:large, max-video-preview:-1\" \/>\n<link rel=\"canonical\" href=\"https:\/\/viajarcomtempo.eu\/?page_id=2516\" \/>\n<meta property=\"og:locale\" content=\"pt_PT\" \/>\n<meta property=\"og:type\" content=\"article\" \/>\n<meta property=\"og:title\" content=\"Alcanena - Viajar Com Tempo\" \/>\n<meta property=\"og:description\" content=\"Voltar \u00e0 p\u00e1gina anterior Situada no imenso maci\u00e7o calc\u00e1rio, entalada entre as serras dos Candeeiros e de Aire, e os planaltos de Santo Ant\u00f3nio e de S. Mamede, os povos desta regi\u00e3o dedicavam-se sobretudo \u00e0 pastor\u00edcia, ao com\u00e9rcio e \u00e0 cria\u00e7\u00e3o de bichos de seda, entre outras atividades. O munic\u00edpio de Alcanena foi criado pela [&hellip;]\" \/>\n<meta property=\"og:url\" content=\"https:\/\/viajarcomtempo.eu\/?page_id=2516\" \/>\n<meta property=\"og:site_name\" content=\"Viajar Com Tempo\" \/>\n<meta property=\"article:modified_time\" content=\"2024-03-10T19:55:07+00:00\" \/>\n<meta name=\"twitter:card\" content=\"summary_large_image\" \/>\n<meta name=\"twitter:label1\" content=\"Tempo estimado de leitura\" \/>\n\t<meta name=\"twitter:data1\" content=\"1 minuto\" \/>\n<script type=\"application\/ld+json\" class=\"yoast-schema-graph\">{\"@context\":\"https:\\\/\\\/schema.org\",\"@graph\":[{\"@type\":\"WebPage\",\"@id\":\"https:\\\/\\\/viajarcomtempo.eu\\\/?page_id=2516\",\"url\":\"https:\\\/\\\/viajarcomtempo.eu\\\/?page_id=2516\",\"name\":\"Alcanena - Viajar Com Tempo\",\"isPartOf\":{\"@id\":\"https:\\\/\\\/viajarcomtempo.eu\\\/#website\"},\"datePublished\":\"2024-03-06T18:49:17+00:00\",\"dateModified\":\"2024-03-10T19:55:07+00:00\",\"breadcrumb\":{\"@id\":\"https:\\\/\\\/viajarcomtempo.eu\\\/?page_id=2516#breadcrumb\"},\"inLanguage\":\"pt-PT\",\"potentialAction\":[{\"@type\":\"ReadAction\",\"target\":[\"https:\\\/\\\/viajarcomtempo.eu\\\/?page_id=2516\"]}]},{\"@type\":\"BreadcrumbList\",\"@id\":\"https:\\\/\\\/viajarcomtempo.eu\\\/?page_id=2516#breadcrumb\",\"itemListElement\":[{\"@type\":\"ListItem\",\"position\":1,\"name\":\"In\u00edcio\",\"item\":\"https:\\\/\\\/viajarcomtempo.eu\\\/\"},{\"@type\":\"ListItem\",\"position\":2,\"name\":\"Alcanena\"}]},{\"@type\":\"WebSite\",\"@id\":\"https:\\\/\\\/viajarcomtempo.eu\\\/#website\",\"url\":\"https:\\\/\\\/viajarcomtempo.eu\\\/\",\"name\":\"Viajar Com Tempo\",\"description\":\"Roteiros para viajar sem pressa\",\"publisher\":{\"@id\":\"https:\\\/\\\/viajarcomtempo.eu\\\/#\\\/schema\\\/person\\\/2f6c8045b5e07d397d92d8e5cf7aee98\"},\"potentialAction\":[{\"@type\":\"SearchAction\",\"target\":{\"@type\":\"EntryPoint\",\"urlTemplate\":\"https:\\\/\\\/viajarcomtempo.eu\\\/?s={search_term_string}\"},\"query-input\":{\"@type\":\"PropertyValueSpecification\",\"valueRequired\":true,\"valueName\":\"search_term_string\"}}],\"inLanguage\":\"pt-PT\"},{\"@type\":[\"Person\",\"Organization\"],\"@id\":\"https:\\\/\\\/viajarcomtempo.eu\\\/#\\\/schema\\\/person\\\/2f6c8045b5e07d397d92d8e5cf7aee98\",\"name\":\"Jos\u00e9 Salvador\",\"logo\":{\"@id\":\"https:\\\/\\\/viajarcomtempo.eu\\\/#\\\/schema\\\/person\\\/image\\\/\"},\"sameAs\":[\"http:\\\/\\\/viajarcomtempo.eu\"]}]}<\/script>\n<!-- \/ Yoast SEO plugin. -->","yoast_head_json":{"title":"Alcanena - Viajar Com Tempo","robots":{"index":"index","follow":"follow","max-snippet":"max-snippet:-1","max-image-preview":"max-image-preview:large","max-video-preview":"max-video-preview:-1"},"canonical":"https:\/\/viajarcomtempo.eu\/?page_id=2516","og_locale":"pt_PT","og_type":"article","og_title":"Alcanena - Viajar Com Tempo","og_description":"Voltar \u00e0 p\u00e1gina anterior Situada no imenso maci\u00e7o calc\u00e1rio, entalada entre as serras dos Candeeiros e de Aire, e os planaltos de Santo Ant\u00f3nio e de S. Mamede, os povos desta regi\u00e3o dedicavam-se sobretudo \u00e0 pastor\u00edcia, ao com\u00e9rcio e \u00e0 cria\u00e7\u00e3o de bichos de seda, entre outras atividades. O munic\u00edpio de Alcanena foi criado pela [&hellip;]","og_url":"https:\/\/viajarcomtempo.eu\/?page_id=2516","og_site_name":"Viajar Com Tempo","article_modified_time":"2024-03-10T19:55:07+00:00","twitter_card":"summary_large_image","twitter_misc":{"Tempo estimado de leitura":"1 minuto"},"schema":{"@context":"https:\/\/schema.org","@graph":[{"@type":"WebPage","@id":"https:\/\/viajarcomtempo.eu\/?page_id=2516","url":"https:\/\/viajarcomtempo.eu\/?page_id=2516","name":"Alcanena - Viajar Com Tempo","isPartOf":{"@id":"https:\/\/viajarcomtempo.eu\/#website"},"datePublished":"2024-03-06T18:49:17+00:00","dateModified":"2024-03-10T19:55:07+00:00","breadcrumb":{"@id":"https:\/\/viajarcomtempo.eu\/?page_id=2516#breadcrumb"},"inLanguage":"pt-PT","potentialAction":[{"@type":"ReadAction","target":["https:\/\/viajarcomtempo.eu\/?page_id=2516"]}]},{"@type":"BreadcrumbList","@id":"https:\/\/viajarcomtempo.eu\/?page_id=2516#breadcrumb","itemListElement":[{"@type":"ListItem","position":1,"name":"In\u00edcio","item":"https:\/\/viajarcomtempo.eu\/"},{"@type":"ListItem","position":2,"name":"Alcanena"}]},{"@type":"WebSite","@id":"https:\/\/viajarcomtempo.eu\/#website","url":"https:\/\/viajarcomtempo.eu\/","name":"Viajar Com Tempo","description":"Roteiros para viajar sem pressa","publisher":{"@id":"https:\/\/viajarcomtempo.eu\/#\/schema\/person\/2f6c8045b5e07d397d92d8e5cf7aee98"},"potentialAction":[{"@type":"SearchAction","target":{"@type":"EntryPoint","urlTemplate":"https:\/\/viajarcomtempo.eu\/?s={search_term_string}"},"query-input":{"@type":"PropertyValueSpecification","valueRequired":true,"valueName":"search_term_string"}}],"inLanguage":"pt-PT"},{"@type":["Person","Organization"],"@id":"https:\/\/viajarcomtempo.eu\/#\/schema\/person\/2f6c8045b5e07d397d92d8e5cf7aee98","name":"Jos\u00e9 Salvador","logo":{"@id":"https:\/\/viajarcomtempo.eu\/#\/schema\/person\/image\/"},"sameAs":["http:\/\/viajarcomtempo.eu"]}]}},"_links":{"self":[{"href":"https:\/\/viajarcomtempo.eu\/index.php?rest_route=\/wp\/v2\/pages\/2516","targetHints":{"allow":["GET"]}}],"collection":[{"href":"https:\/\/viajarcomtempo.eu\/index.php?rest_route=\/wp\/v2\/pages"}],"about":[{"href":"https:\/\/viajarcomtempo.eu\/index.php?rest_route=\/wp\/v2\/types\/page"}],"author":[{"embeddable":true,"href":"https:\/\/viajarcomtempo.eu\/index.php?rest_route=\/wp\/v2\/users\/1"}],"replies":[{"embeddable":true,"href":"https:\/\/viajarcomtempo.eu\/index.php?rest_route=%2Fwp%2Fv2%2Fcomments&post=2516"}],"version-history":[{"count":5,"href":"https:\/\/viajarcomtempo.eu\/index.php?rest_route=\/wp\/v2\/pages\/2516\/revisions"}],"predecessor-version":[{"id":2547,"href":"https:\/\/viajarcomtempo.eu\/index.php?rest_route=\/wp\/v2\/pages\/2516\/revisions\/2547"}],"wp:attachment":[{"href":"https:\/\/viajarcomtempo.eu\/index.php?rest_route=%2Fwp%2Fv2%2Fmedia&parent=2516"}],"curies":[{"name":"wp","href":"https:\/\/api.w.org\/{rel}","templated":true}]}}