{"id":759,"date":"2021-02-19T12:44:18","date_gmt":"2021-02-19T12:44:18","guid":{"rendered":"http:\/\/viajarcomtempo.eu\/?page_id=759"},"modified":"2021-02-19T15:32:19","modified_gmt":"2021-02-19T15:32:19","slug":"siglas-2","status":"publish","type":"page","link":"https:\/\/viajarcomtempo.eu\/?page_id=759","title":{"rendered":"Express\u00f5es usadas"},"content":{"rendered":"\n\n<script>\/\/ <![CDATA[\nfunction goBack() { window.history.back() }\n\/\/ ]]><\/script>\n<button onclick=\"goBack()\"><strong>Voltar \u00e0 p\u00e1gina anterior<\/strong><\/button>\n<br><br>\n\n\n\n\n<p class=\"wp-block-paragraph\">Nesta p\u00e1gina s\u00e3o listadas as palavras e express\u00f5es e explicado o seu significado no contexto deste site.<\/p>\n\n\n\n<table id=\"tablepress-3\" class=\"tablepress tablepress-id-3\">\n<thead>\n<tr class=\"row-1\">\n\t<th class=\"column-1\">Express\u00e3o <\/th><th class=\"column-2\">Explica\u00e7\u00e3o<\/th>\n<\/tr>\n<\/thead>\n<tbody class=\"row-striping row-hover\">\n<tr class=\"row-2\">\n\t<td class=\"column-1\">Roteiro<\/td><td class=\"column-2\">indica\u00e7\u00f5es sobre as estradas, caminhos, lugares e dist\u00e2ncias de um pa\u00eds, duma regi\u00e3o ou de uma cidade, vila ou povoa\u00e7\u00e3o.  Neste caso inclu\u00ed tamb\u00e9m o que visitar o que comer, onde comer e onde dormir,<\/td>\n<\/tr>\n<tr class=\"row-3\">\n\t<td class=\"column-1\">Guia do Viajante<\/td><td class=\"column-2\">Conjunto da Informa\u00e7\u00f5es base que serve de suporte \u00e0 constru\u00e7\u00e3o dos roteiros, ou outro tipo de viagens de curta ou m\u00e9dia dura\u00e7\u00e3o, Est\u00e1 organizada por Concelho.<\/td>\n<\/tr>\n<tr class=\"row-4\">\n\t<td class=\"column-1\">Rota<\/td><td class=\"column-2\">Trajeto ou itiner\u00e1rio percorrido, isto \u00e9, um roteiro tornado realidade.<\/td>\n<\/tr>\n<tr class=\"row-5\">\n\t<td class=\"column-1\">Coruch\u00e9u<\/td><td class=\"column-2\">Coruch\u00e9u \u00e9 o remate em forma de pir\u00e2mide ou cone de uma torre ou de um campan\u00e1rio. <\/td>\n<\/tr>\n<tr class=\"row-6\">\n\t<td class=\"column-1\">Fuste<\/td><td class=\"column-2\">Pau ou mastro que serve de apoio a qualquer coisa.<br \/>\nNa arquitetura Fuste \u00e9 a parte da coluna entre o capitel e a base.<\/td>\n<\/tr>\n<tr class=\"row-7\">\n\t<td class=\"column-1\">Capitel<\/td><td class=\"column-2\">Na arquitetura, a capitel constitui a parte superior de uma coluna. <\/td>\n<\/tr>\n<tr class=\"row-8\">\n\t<td class=\"column-1\">Base<\/td><td class=\"column-2\">A base \u00e9 o ponto de liga\u00e7\u00e3o do fuste com o pavimento do edif\u00edcio. <\/td>\n<\/tr>\n<tr class=\"row-9\">\n\t<td class=\"column-1\">Marco mili\u00e1rio<\/td><td class=\"column-2\">Os marcos mili\u00e1rios eram marca\u00e7\u00f5es de dist\u00e2ncia dos caminhos romanos, colocados   a mil passos entre si. A milha romana, correspondendo a 1.418 m.<\/td>\n<\/tr>\n<tr class=\"row-10\">\n\t<td class=\"column-1\">Alabarda<\/td><td class=\"column-2\">Arma antiga composta por uma longa haste. A haste \u00e9 rematada por uma pe\u00e7a pontiaguda, de ferro, que por sua vez \u00e9 atravessada por uma l\u00e2mina em forma de meia-lua, com um gancho ou espor\u00e3o no outro lado<\/td>\n<\/tr>\n<tr class=\"row-11\">\n\t<td class=\"column-1\">Talhamar<\/td><td class=\"column-2\">Talhamar de uma ponte \u00e9 a parte de um pilar de ponte com forma apropriada para facilitar o escoamento do curso de \u00e1gua. Normalmente os talhamares voltados para montante s\u00e3o triangulares.<\/td>\n<\/tr>\n<tr class=\"row-12\">\n\t<td class=\"column-1\">T\u00edmpano<\/td><td class=\"column-2\">Em arquitectura, t\u00edmpano \u00e9 a superf\u00edcie da parede decorativa semicircular ou triangular sobre uma entrada, porta ou janela, delimitada por um lintel e um arco.<\/td>\n<\/tr>\n<tr class=\"row-13\">\n\t<td class=\"column-1\">Transepto<\/td><td class=\"column-2\">O transepto \u00e9 a parte de um edif\u00edcio de uma ou mais naves que atravessa perpendicularmente o seu corpo principal perto do coro e d\u00e1 ao edif\u00edcio a sua planta em cruz.<\/td>\n<\/tr>\n<tr class=\"row-14\">\n\t<td class=\"column-1\">Cachorro<\/td><td class=\"column-2\">Cachorro ou m\u00edsula a um elemento exposto que suporta os beirais de um telhado ou qualquer outro corpo saliente um edif\u00edcio (arcos, arquitraves e cornijas), ao mesmo tempo que pode ter car\u00e1cter decorativo.<\/td>\n<\/tr>\n<tr class=\"row-15\">\n\t<td class=\"column-1\">Modilh\u00e3o<\/td><td class=\"column-2\">Ornato geralmente em formato de um \"S\" invertido, comumente situado sob a cornija de uma edifica\u00e7\u00e3o. Basicamente diferencia-se da m\u00edsula pela disposi\u00e7\u00e3o e fun\u00e7\u00e3o. A m\u00edsula \u00e9 disposta verticalmente e tem uma fun\u00e7\u00e3o de apoio, enquanto que o modilh\u00e3o \u00e9 disposto horizontalmente e tem fun\u00e7\u00e3o decorativa.<\/td>\n<\/tr>\n<tr class=\"row-16\">\n\t<td class=\"column-1\">Silhar<\/td><td class=\"column-2\">Revestimento de parede em azulejo,  pedra aparelhada ou lavrada, geralmente de forma quadrangular.<\/td>\n<\/tr>\n<tr class=\"row-17\">\n\t<td class=\"column-1\">Transepto<\/td><td class=\"column-2\">\u00c9 a parte de um edif\u00edcio de uma ou mais naves que atravessa perpendicularmente o seu corpo principal perto do coro e d\u00e1 ao edif\u00edcio a sua planta em cruz.<\/td>\n<\/tr>\n<tr class=\"row-18\">\n\t<td class=\"column-1\">Plinto<\/td><td class=\"column-2\">Na arquitetura, plinto \u00e9 o elemento que fica diretamente sob a base de um pilar, pedestal, est\u00e1tua ou monumento. obeliscos.<\/td>\n<\/tr>\n<tr class=\"row-19\">\n\t<td class=\"column-1\">Balaustrada<\/td><td class=\"column-2\">Balaustrada \u00e9 uma fileira de bala\u00fastres, ou conjunto de pilares. As balaustradas s\u00e3o muito usadas em escadarias, terra\u00e7os e escadas<\/td>\n<\/tr>\n<tr class=\"row-20\">\n\t<td class=\"column-1\">Adossada<\/td><td class=\"column-2\">Em arquitetura, adossada \u00e9 um componente arquitect\u00f3nico que est\u00e1 encostado a outro de maior superf\u00edcie ou volume, geralmente uma parede (ex.: escada de pedra adossada \u00e0 parede).<\/td>\n<\/tr>\n<tr class=\"row-21\">\n\t<td class=\"column-1\">P\u00falpito<\/td><td class=\"column-2\">P\u00falpito \u00e9 uma plataforma elevada utilizada por oradores e leitores em uma igreja ou templo. A origem da palavra \u00e9 o termo latino \"pulpitum\", que significa \"plataforma\" ou \"palco\"<\/td>\n<\/tr>\n<tr class=\"row-22\">\n\t<td class=\"column-1\">Molinol\u00f3gico<\/td><td class=\"column-2\">Relativo a molinologia ou ao estudo ou interesse pelos moinhos tradicionais (ex.: parque molinol\u00f3gico).<\/td>\n<\/tr>\n<\/tbody>\n<\/table>\n<!-- #tablepress-3 from cache -->\n\n\n\n\n<script>\/\/ <![CDATA[\nfunction goBack() { window.history.back() }\n\/\/ ]]><\/script>\n<button onclick=\"goBack()\"><strong>Voltar \u00e0 p\u00e1gina anterior<\/strong><\/button>\n<br><br>\n\n","protected":false},"excerpt":{"rendered":"<p>Voltar \u00e0 p\u00e1gina anterior Nesta p\u00e1gina s\u00e3o listadas as palavras e express\u00f5es e explicado o seu significado no contexto deste site. Voltar \u00e0 p\u00e1gina anterior<\/p>\n","protected":false},"author":1,"featured_media":0,"parent":0,"menu_order":0,"comment_status":"closed","ping_status":"closed","template":"no-featureimage.php","meta":{"_crdt_document":"","footnotes":""},"class_list":["post-759","page","type-page","status-publish","hentry","eq-blocks"],"yoast_head":"<!-- This site is optimized with the Yoast SEO plugin v27.3 - https:\/\/yoast.com\/product\/yoast-seo-wordpress\/ -->\n<title>Express\u00f5es usadas - Viajar Com Tempo<\/title>\n<meta name=\"robots\" content=\"index, follow, max-snippet:-1, max-image-preview:large, max-video-preview:-1\" \/>\n<link rel=\"canonical\" href=\"https:\/\/viajarcomtempo.eu\/?page_id=759\" \/>\n<meta property=\"og:locale\" content=\"pt_PT\" \/>\n<meta property=\"og:type\" content=\"article\" \/>\n<meta property=\"og:title\" content=\"Express\u00f5es usadas - Viajar Com Tempo\" \/>\n<meta property=\"og:description\" content=\"Voltar \u00e0 p\u00e1gina anterior Nesta p\u00e1gina s\u00e3o listadas as palavras e express\u00f5es e explicado o seu significado no contexto deste site. Voltar \u00e0 p\u00e1gina anterior\" \/>\n<meta property=\"og:url\" content=\"https:\/\/viajarcomtempo.eu\/?page_id=759\" \/>\n<meta property=\"og:site_name\" content=\"Viajar Com Tempo\" \/>\n<meta property=\"article:modified_time\" content=\"2021-02-19T15:32:19+00:00\" \/>\n<meta name=\"twitter:card\" content=\"summary_large_image\" \/>\n<script type=\"application\/ld+json\" class=\"yoast-schema-graph\">{\"@context\":\"https:\\\/\\\/schema.org\",\"@graph\":[{\"@type\":\"WebPage\",\"@id\":\"https:\\\/\\\/viajarcomtempo.eu\\\/?page_id=759\",\"url\":\"https:\\\/\\\/viajarcomtempo.eu\\\/?page_id=759\",\"name\":\"Express\u00f5es usadas - Viajar Com Tempo\",\"isPartOf\":{\"@id\":\"https:\\\/\\\/viajarcomtempo.eu\\\/#website\"},\"datePublished\":\"2021-02-19T12:44:18+00:00\",\"dateModified\":\"2021-02-19T15:32:19+00:00\",\"breadcrumb\":{\"@id\":\"https:\\\/\\\/viajarcomtempo.eu\\\/?page_id=759#breadcrumb\"},\"inLanguage\":\"pt-PT\",\"potentialAction\":[{\"@type\":\"ReadAction\",\"target\":[\"https:\\\/\\\/viajarcomtempo.eu\\\/?page_id=759\"]}]},{\"@type\":\"BreadcrumbList\",\"@id\":\"https:\\\/\\\/viajarcomtempo.eu\\\/?page_id=759#breadcrumb\",\"itemListElement\":[{\"@type\":\"ListItem\",\"position\":1,\"name\":\"In\u00edcio\",\"item\":\"https:\\\/\\\/viajarcomtempo.eu\\\/\"},{\"@type\":\"ListItem\",\"position\":2,\"name\":\"Express\u00f5es usadas\"}]},{\"@type\":\"WebSite\",\"@id\":\"https:\\\/\\\/viajarcomtempo.eu\\\/#website\",\"url\":\"https:\\\/\\\/viajarcomtempo.eu\\\/\",\"name\":\"Viajar Com Tempo\",\"description\":\"Roteiros para viajar sem pressa\",\"publisher\":{\"@id\":\"https:\\\/\\\/viajarcomtempo.eu\\\/#\\\/schema\\\/person\\\/2f6c8045b5e07d397d92d8e5cf7aee98\"},\"potentialAction\":[{\"@type\":\"SearchAction\",\"target\":{\"@type\":\"EntryPoint\",\"urlTemplate\":\"https:\\\/\\\/viajarcomtempo.eu\\\/?s={search_term_string}\"},\"query-input\":{\"@type\":\"PropertyValueSpecification\",\"valueRequired\":true,\"valueName\":\"search_term_string\"}}],\"inLanguage\":\"pt-PT\"},{\"@type\":[\"Person\",\"Organization\"],\"@id\":\"https:\\\/\\\/viajarcomtempo.eu\\\/#\\\/schema\\\/person\\\/2f6c8045b5e07d397d92d8e5cf7aee98\",\"name\":\"Jos\u00e9 Salvador\",\"logo\":{\"@id\":\"https:\\\/\\\/viajarcomtempo.eu\\\/#\\\/schema\\\/person\\\/image\\\/\"},\"sameAs\":[\"http:\\\/\\\/viajarcomtempo.eu\"]}]}<\/script>\n<!-- \/ Yoast SEO plugin. -->","yoast_head_json":{"title":"Express\u00f5es usadas - Viajar Com Tempo","robots":{"index":"index","follow":"follow","max-snippet":"max-snippet:-1","max-image-preview":"max-image-preview:large","max-video-preview":"max-video-preview:-1"},"canonical":"https:\/\/viajarcomtempo.eu\/?page_id=759","og_locale":"pt_PT","og_type":"article","og_title":"Express\u00f5es usadas - Viajar Com Tempo","og_description":"Voltar \u00e0 p\u00e1gina anterior Nesta p\u00e1gina s\u00e3o listadas as palavras e express\u00f5es e explicado o seu significado no contexto deste site. Voltar \u00e0 p\u00e1gina anterior","og_url":"https:\/\/viajarcomtempo.eu\/?page_id=759","og_site_name":"Viajar Com Tempo","article_modified_time":"2021-02-19T15:32:19+00:00","twitter_card":"summary_large_image","schema":{"@context":"https:\/\/schema.org","@graph":[{"@type":"WebPage","@id":"https:\/\/viajarcomtempo.eu\/?page_id=759","url":"https:\/\/viajarcomtempo.eu\/?page_id=759","name":"Express\u00f5es usadas - Viajar Com Tempo","isPartOf":{"@id":"https:\/\/viajarcomtempo.eu\/#website"},"datePublished":"2021-02-19T12:44:18+00:00","dateModified":"2021-02-19T15:32:19+00:00","breadcrumb":{"@id":"https:\/\/viajarcomtempo.eu\/?page_id=759#breadcrumb"},"inLanguage":"pt-PT","potentialAction":[{"@type":"ReadAction","target":["https:\/\/viajarcomtempo.eu\/?page_id=759"]}]},{"@type":"BreadcrumbList","@id":"https:\/\/viajarcomtempo.eu\/?page_id=759#breadcrumb","itemListElement":[{"@type":"ListItem","position":1,"name":"In\u00edcio","item":"https:\/\/viajarcomtempo.eu\/"},{"@type":"ListItem","position":2,"name":"Express\u00f5es usadas"}]},{"@type":"WebSite","@id":"https:\/\/viajarcomtempo.eu\/#website","url":"https:\/\/viajarcomtempo.eu\/","name":"Viajar Com Tempo","description":"Roteiros para viajar sem pressa","publisher":{"@id":"https:\/\/viajarcomtempo.eu\/#\/schema\/person\/2f6c8045b5e07d397d92d8e5cf7aee98"},"potentialAction":[{"@type":"SearchAction","target":{"@type":"EntryPoint","urlTemplate":"https:\/\/viajarcomtempo.eu\/?s={search_term_string}"},"query-input":{"@type":"PropertyValueSpecification","valueRequired":true,"valueName":"search_term_string"}}],"inLanguage":"pt-PT"},{"@type":["Person","Organization"],"@id":"https:\/\/viajarcomtempo.eu\/#\/schema\/person\/2f6c8045b5e07d397d92d8e5cf7aee98","name":"Jos\u00e9 Salvador","logo":{"@id":"https:\/\/viajarcomtempo.eu\/#\/schema\/person\/image\/"},"sameAs":["http:\/\/viajarcomtempo.eu"]}]}},"_links":{"self":[{"href":"https:\/\/viajarcomtempo.eu\/index.php?rest_route=\/wp\/v2\/pages\/759","targetHints":{"allow":["GET"]}}],"collection":[{"href":"https:\/\/viajarcomtempo.eu\/index.php?rest_route=\/wp\/v2\/pages"}],"about":[{"href":"https:\/\/viajarcomtempo.eu\/index.php?rest_route=\/wp\/v2\/types\/page"}],"author":[{"embeddable":true,"href":"https:\/\/viajarcomtempo.eu\/index.php?rest_route=\/wp\/v2\/users\/1"}],"replies":[{"embeddable":true,"href":"https:\/\/viajarcomtempo.eu\/index.php?rest_route=%2Fwp%2Fv2%2Fcomments&post=759"}],"version-history":[{"count":5,"href":"https:\/\/viajarcomtempo.eu\/index.php?rest_route=\/wp\/v2\/pages\/759\/revisions"}],"predecessor-version":[{"id":794,"href":"https:\/\/viajarcomtempo.eu\/index.php?rest_route=\/wp\/v2\/pages\/759\/revisions\/794"}],"wp:attachment":[{"href":"https:\/\/viajarcomtempo.eu\/index.php?rest_route=%2Fwp%2Fv2%2Fmedia&parent=759"}],"curies":[{"name":"wp","href":"https:\/\/api.w.org\/{rel}","templated":true}]}}