{"id":883,"date":"2021-02-21T11:17:12","date_gmt":"2021-02-21T11:17:12","guid":{"rendered":"http:\/\/viajarcomtempo.eu\/?page_id=883"},"modified":"2022-03-24T18:55:33","modified_gmt":"2022-03-24T18:55:33","slug":"roteiros-2-2","status":"publish","type":"page","link":"https:\/\/viajarcomtempo.eu\/?page_id=883","title":{"rendered":"Roteiro Nacional 1"},"content":{"rendered":"<h2 id=\"elementor-tab-title-1831\" role=\"tab\" data-tab=\"1\" aria-controls=\"elementor-tab-content-1831\"><a href=\"https:\/\/viajarcomtempo.eu\/?page_id=1649\">Roteiro da N1 Km a Km<\/a>\u00a0 \u00a0 \u00a0<a href=\"https:\/\/viajarcomtempo.eu\/?page_id=1785\">Roteiro da N1 Dia a Dia<\/a><\/h2>\n<p>As gera\u00e7\u00f5es mais velhas ainda fizeram a viagem entre Lisboa e o Porto (ou Porto Lisboa) percorrendo esta estrada e alguns ainda se recordar\u00e3o do percurso antes de haver qualquer tro\u00e7o de auto estreada, mas muitos, como eu, ainda se lembram de sair de Lisboa apanhar a auto estrada at\u00e9 Vila Franca de Xira voltar \u00e0 N1 at\u00e9 aos Carvalhos e a\u00ed voltar \u00e0 auto estrada at\u00e9 ao Porto via ponte da Arr\u00e1bida.<\/p>\n<p>O objetivo deste roteiro \u00e9 procurar o trajeto, o mais aproximado poss\u00edvel do percurso antigo, e recordar ou conhecer as cidades e vilas atravessadas pela Nacional 1 ou os emblem\u00e1ticos pontos de paragem, na Ponderosa, em Pombal, na Mealhada, etc.<\/p>\n<h2 style=\"margin: 0cm 0cm 7.5pt 0cm;\">Veja a Lista dos artigos publicados<\/h2>\n\n<ul class=\"wp-block-latest-posts__list wp-block-latest-posts\"><li><a class=\"wp-block-latest-posts__post-title\" href=\"https:\/\/viajarcomtempo.eu\/?p=2074\">Roteiro N1 &#8211; Conclu\u00eddo<\/a><\/li>\n<li><a class=\"wp-block-latest-posts__post-title\" href=\"https:\/\/viajarcomtempo.eu\/?p=2068\">Roteiro N1 &#8211; Percurso<\/a><\/li>\n<li><a class=\"wp-block-latest-posts__post-title\" href=\"https:\/\/viajarcomtempo.eu\/?p=616\">Roteiro N1 &#8211; Hist\u00f3ria<\/a><\/li>\n<\/ul>","protected":false},"excerpt":{"rendered":"<p>Roteiro da N1 Km a Km\u00a0 \u00a0 \u00a0Roteiro da N1 Dia a Dia As gera\u00e7\u00f5es mais velhas ainda fizeram a viagem entre Lisboa e o Porto (ou Porto Lisboa) percorrendo esta estrada e alguns ainda se recordar\u00e3o do percurso antes de haver qualquer tro\u00e7o de auto estreada, mas muitos, como eu, ainda se lembram de [&hellip;]<\/p>\n","protected":false},"author":1,"featured_media":0,"parent":0,"menu_order":0,"comment_status":"closed","ping_status":"closed","template":"","meta":{"_crdt_document":"","footnotes":""},"class_list":["post-883","page","type-page","status-publish","hentry","eq-blocks"],"yoast_head":"<!-- This site is optimized with the Yoast SEO plugin v27.3 - https:\/\/yoast.com\/product\/yoast-seo-wordpress\/ -->\n<title>Roteiro Nacional 1 - Viajar Com Tempo<\/title>\n<meta name=\"robots\" content=\"index, follow, max-snippet:-1, max-image-preview:large, max-video-preview:-1\" \/>\n<link rel=\"canonical\" href=\"https:\/\/viajarcomtempo.eu\/?page_id=883\" \/>\n<meta property=\"og:locale\" content=\"pt_PT\" \/>\n<meta property=\"og:type\" content=\"article\" \/>\n<meta property=\"og:title\" content=\"Roteiro Nacional 1 - Viajar Com Tempo\" \/>\n<meta property=\"og:description\" content=\"Roteiro da N1 Km a Km\u00a0 \u00a0 \u00a0Roteiro da N1 Dia a Dia As gera\u00e7\u00f5es mais velhas ainda fizeram a viagem entre Lisboa e o Porto (ou Porto Lisboa) percorrendo esta estrada e alguns ainda se recordar\u00e3o do percurso antes de haver qualquer tro\u00e7o de auto estreada, mas muitos, como eu, ainda se lembram de [&hellip;]\" \/>\n<meta property=\"og:url\" content=\"https:\/\/viajarcomtempo.eu\/?page_id=883\" \/>\n<meta property=\"og:site_name\" content=\"Viajar Com Tempo\" \/>\n<meta property=\"article:modified_time\" content=\"2022-03-24T18:55:33+00:00\" \/>\n<meta name=\"twitter:card\" content=\"summary_large_image\" \/>\n<meta name=\"twitter:label1\" content=\"Tempo estimado de leitura\" \/>\n\t<meta name=\"twitter:data1\" content=\"1 minuto\" \/>\n<script type=\"application\/ld+json\" class=\"yoast-schema-graph\">{\"@context\":\"https:\\\/\\\/schema.org\",\"@graph\":[{\"@type\":\"WebPage\",\"@id\":\"https:\\\/\\\/viajarcomtempo.eu\\\/?page_id=883\",\"url\":\"https:\\\/\\\/viajarcomtempo.eu\\\/?page_id=883\",\"name\":\"Roteiro Nacional 1 - Viajar Com Tempo\",\"isPartOf\":{\"@id\":\"https:\\\/\\\/viajarcomtempo.eu\\\/#website\"},\"datePublished\":\"2021-02-21T11:17:12+00:00\",\"dateModified\":\"2022-03-24T18:55:33+00:00\",\"breadcrumb\":{\"@id\":\"https:\\\/\\\/viajarcomtempo.eu\\\/?page_id=883#breadcrumb\"},\"inLanguage\":\"pt-PT\",\"potentialAction\":[{\"@type\":\"ReadAction\",\"target\":[\"https:\\\/\\\/viajarcomtempo.eu\\\/?page_id=883\"]}]},{\"@type\":\"BreadcrumbList\",\"@id\":\"https:\\\/\\\/viajarcomtempo.eu\\\/?page_id=883#breadcrumb\",\"itemListElement\":[{\"@type\":\"ListItem\",\"position\":1,\"name\":\"In\u00edcio\",\"item\":\"https:\\\/\\\/viajarcomtempo.eu\\\/\"},{\"@type\":\"ListItem\",\"position\":2,\"name\":\"Roteiro Nacional 1\"}]},{\"@type\":\"WebSite\",\"@id\":\"https:\\\/\\\/viajarcomtempo.eu\\\/#website\",\"url\":\"https:\\\/\\\/viajarcomtempo.eu\\\/\",\"name\":\"Viajar Com Tempo\",\"description\":\"Roteiros para viajar sem pressa\",\"publisher\":{\"@id\":\"https:\\\/\\\/viajarcomtempo.eu\\\/#\\\/schema\\\/person\\\/2f6c8045b5e07d397d92d8e5cf7aee98\"},\"potentialAction\":[{\"@type\":\"SearchAction\",\"target\":{\"@type\":\"EntryPoint\",\"urlTemplate\":\"https:\\\/\\\/viajarcomtempo.eu\\\/?s={search_term_string}\"},\"query-input\":{\"@type\":\"PropertyValueSpecification\",\"valueRequired\":true,\"valueName\":\"search_term_string\"}}],\"inLanguage\":\"pt-PT\"},{\"@type\":[\"Person\",\"Organization\"],\"@id\":\"https:\\\/\\\/viajarcomtempo.eu\\\/#\\\/schema\\\/person\\\/2f6c8045b5e07d397d92d8e5cf7aee98\",\"name\":\"Jos\u00e9 Salvador\",\"logo\":{\"@id\":\"https:\\\/\\\/viajarcomtempo.eu\\\/#\\\/schema\\\/person\\\/image\\\/\"},\"sameAs\":[\"http:\\\/\\\/viajarcomtempo.eu\"]}]}<\/script>\n<!-- \/ Yoast SEO plugin. -->","yoast_head_json":{"title":"Roteiro Nacional 1 - Viajar Com Tempo","robots":{"index":"index","follow":"follow","max-snippet":"max-snippet:-1","max-image-preview":"max-image-preview:large","max-video-preview":"max-video-preview:-1"},"canonical":"https:\/\/viajarcomtempo.eu\/?page_id=883","og_locale":"pt_PT","og_type":"article","og_title":"Roteiro Nacional 1 - Viajar Com Tempo","og_description":"Roteiro da N1 Km a Km\u00a0 \u00a0 \u00a0Roteiro da N1 Dia a Dia As gera\u00e7\u00f5es mais velhas ainda fizeram a viagem entre Lisboa e o Porto (ou Porto Lisboa) percorrendo esta estrada e alguns ainda se recordar\u00e3o do percurso antes de haver qualquer tro\u00e7o de auto estreada, mas muitos, como eu, ainda se lembram de [&hellip;]","og_url":"https:\/\/viajarcomtempo.eu\/?page_id=883","og_site_name":"Viajar Com Tempo","article_modified_time":"2022-03-24T18:55:33+00:00","twitter_card":"summary_large_image","twitter_misc":{"Tempo estimado de leitura":"1 minuto"},"schema":{"@context":"https:\/\/schema.org","@graph":[{"@type":"WebPage","@id":"https:\/\/viajarcomtempo.eu\/?page_id=883","url":"https:\/\/viajarcomtempo.eu\/?page_id=883","name":"Roteiro Nacional 1 - Viajar Com Tempo","isPartOf":{"@id":"https:\/\/viajarcomtempo.eu\/#website"},"datePublished":"2021-02-21T11:17:12+00:00","dateModified":"2022-03-24T18:55:33+00:00","breadcrumb":{"@id":"https:\/\/viajarcomtempo.eu\/?page_id=883#breadcrumb"},"inLanguage":"pt-PT","potentialAction":[{"@type":"ReadAction","target":["https:\/\/viajarcomtempo.eu\/?page_id=883"]}]},{"@type":"BreadcrumbList","@id":"https:\/\/viajarcomtempo.eu\/?page_id=883#breadcrumb","itemListElement":[{"@type":"ListItem","position":1,"name":"In\u00edcio","item":"https:\/\/viajarcomtempo.eu\/"},{"@type":"ListItem","position":2,"name":"Roteiro Nacional 1"}]},{"@type":"WebSite","@id":"https:\/\/viajarcomtempo.eu\/#website","url":"https:\/\/viajarcomtempo.eu\/","name":"Viajar Com Tempo","description":"Roteiros para viajar sem pressa","publisher":{"@id":"https:\/\/viajarcomtempo.eu\/#\/schema\/person\/2f6c8045b5e07d397d92d8e5cf7aee98"},"potentialAction":[{"@type":"SearchAction","target":{"@type":"EntryPoint","urlTemplate":"https:\/\/viajarcomtempo.eu\/?s={search_term_string}"},"query-input":{"@type":"PropertyValueSpecification","valueRequired":true,"valueName":"search_term_string"}}],"inLanguage":"pt-PT"},{"@type":["Person","Organization"],"@id":"https:\/\/viajarcomtempo.eu\/#\/schema\/person\/2f6c8045b5e07d397d92d8e5cf7aee98","name":"Jos\u00e9 Salvador","logo":{"@id":"https:\/\/viajarcomtempo.eu\/#\/schema\/person\/image\/"},"sameAs":["http:\/\/viajarcomtempo.eu"]}]}},"_links":{"self":[{"href":"https:\/\/viajarcomtempo.eu\/index.php?rest_route=\/wp\/v2\/pages\/883","targetHints":{"allow":["GET"]}}],"collection":[{"href":"https:\/\/viajarcomtempo.eu\/index.php?rest_route=\/wp\/v2\/pages"}],"about":[{"href":"https:\/\/viajarcomtempo.eu\/index.php?rest_route=\/wp\/v2\/types\/page"}],"author":[{"embeddable":true,"href":"https:\/\/viajarcomtempo.eu\/index.php?rest_route=\/wp\/v2\/users\/1"}],"replies":[{"embeddable":true,"href":"https:\/\/viajarcomtempo.eu\/index.php?rest_route=%2Fwp%2Fv2%2Fcomments&post=883"}],"version-history":[{"count":10,"href":"https:\/\/viajarcomtempo.eu\/index.php?rest_route=\/wp\/v2\/pages\/883\/revisions"}],"predecessor-version":[{"id":1788,"href":"https:\/\/viajarcomtempo.eu\/index.php?rest_route=\/wp\/v2\/pages\/883\/revisions\/1788"}],"wp:attachment":[{"href":"https:\/\/viajarcomtempo.eu\/index.php?rest_route=%2Fwp%2Fv2%2Fmedia&parent=883"}],"curies":[{"name":"wp","href":"https:\/\/api.w.org\/{rel}","templated":true}]}}